CRAN Package Check Results for Package DRAYL

Last updated on 2025-05-04 03:50:51 CEST.

Flavor Version Tinstall Tcheck Ttotal Status Flags
r-devel-linux-x86_64-debian-clang 1.0 2.13 31.10 33.23 NOTE
r-devel-linux-x86_64-debian-gcc 1.0 1.86 23.01 24.87 NOTE
r-devel-linux-x86_64-fedora-clang 1.0 53.69 OK
r-devel-linux-x86_64-fedora-gcc 1.0 51.16 OK
r-devel-windows-x86_64 1.0 4.00 50.00 54.00 OK
r-patched-linux-x86_64 1.0 2.61 29.99 32.60 OK
r-release-linux-x86_64 OK
r-release-macos-arm64 1.0 21.00 OK
r-release-macos-x86_64 1.0 34.00 OK
r-release-windows-x86_64 1.0 3.00 50.00 53.00 OK
r-oldrel-macos-arm64 1.0 19.00 NOTE
r-oldrel-macos-x86_64 1.0 29.00 NOTE
r-oldrel-windows-x86_64 1.0 5.00 58.00 63.00 NOTE

Check Details

Version: 1.0
Check: CRAN incoming feasibility
Result: NOTE Maintainer: ‘Martin Wiegand <Martin.Wiegand@manchester.ac.uk>’ No Authors@R field in DESCRIPTION. Please add one, modifying Authors@R: person(given = "Martin", family = "Wiegand", role = c("aut", "cre"), email = "martin.wiegand@manchester.ac.uk") as necessary. Flavors: r-devel-linux-x86_64-debian-clang, r-devel-linux-x86_64-debian-gcc

Version: 1.0
Check: LazyData
Result: NOTE 'LazyData' is specified without a 'data' directory Flavors: r-oldrel-macos-arm64, r-oldrel-macos-x86_64, r-oldrel-windows-x86_64