Last updated on 2025-05-04 03:50:51 CEST.
Flavor | Version | Tinstall | Tcheck | Ttotal | Status | Flags |
---|---|---|---|---|---|---|
r-devel-linux-x86_64-debian-clang | 1.4.0 | 6.64 | 44.74 | 51.38 | NOTE | |
r-devel-linux-x86_64-debian-gcc | 1.4.0 | 4.19 | 32.95 | 37.14 | NOTE | |
r-devel-linux-x86_64-fedora-clang | 1.4.0 | 76.45 | OK | |||
r-devel-linux-x86_64-fedora-gcc | 1.4.0 | 71.59 | OK | |||
r-devel-windows-x86_64 | 1.4.0 | 7.00 | 69.00 | 76.00 | NOTE | |
r-patched-linux-x86_64 | 1.4.0 | 6.78 | 41.42 | 48.20 | NOTE | |
r-release-linux-x86_64 | NOTE | |||||
r-release-macos-arm64 | 1.4.0 | 27.00 | OK | |||
r-release-macos-x86_64 | 1.4.0 | 46.00 | OK | |||
r-release-windows-x86_64 | 1.4.0 | 8.00 | 69.00 | 77.00 | NOTE | |
r-oldrel-macos-arm64 | 1.4.0 | 24.00 | OK | |||
r-oldrel-macos-x86_64 | 1.4.0 | 38.00 | OK | |||
r-oldrel-windows-x86_64 | 1.4.0 | 10.00 | 81.00 | 91.00 | OK |
Version: 1.4.0
Check: Rd cross-references
Result: NOTE
Found the following Rd file(s) with Rd \link{} targets missing package
anchors:
OpalConnection-class.Rd: DSConnection-class
OpalDriver-class.Rd: DSDriver-class
OpalResult-class.Rd: DSResult-class
Please provide package anchors for all Rd \link{} targets not in the
package itself and the base packages.
Flavors: r-devel-linux-x86_64-debian-clang, r-devel-linux-x86_64-debian-gcc, r-devel-windows-x86_64, r-patched-linux-x86_64, r-release-linux-x86_64, r-release-windows-x86_64