CRAN Package Check Results for Package DTRreg

Last updated on 2025-05-06 03:51:01 CEST.

Flavor Version Tinstall Tcheck Ttotal Status Flags
r-devel-linux-x86_64-debian-clang 2.2 7.44 33.27 40.71 NOTE
r-devel-linux-x86_64-debian-gcc 2.3 4.85 25.65 30.50 OK
r-devel-linux-x86_64-fedora-clang 2.3 66.82 OK
r-devel-linux-x86_64-fedora-gcc 2.3 63.24 OK
r-devel-windows-x86_64 2.3 7.00 57.00 64.00 OK
r-patched-linux-x86_64 2.2 6.90 31.66 38.56 NOTE
r-release-linux-x86_64 2.2 7.18 31.78 38.96 NOTE
r-release-macos-arm64 2.3 37.00 OK
r-release-macos-x86_64 2.3 55.00 OK
r-release-windows-x86_64 2.3 10.00 75.00 85.00 OK
r-oldrel-macos-arm64 2.3 33.00 OK
r-oldrel-macos-x86_64 2.3 51.00 OK
r-oldrel-windows-x86_64 2.3 12.00 68.00 80.00 OK

Check Details

Version: 2.2
Check: CRAN incoming feasibility
Result: NOTE Maintainer: ‘Shannon T. Holloway <shannon.t.holloway@gmail.com>’ No Authors@R field in DESCRIPTION. Please add one, modifying Authors@R: c(person(given = "Michael", family = "Wallace", role = "aut"), person(given = c("Erica", "E", "M"), family = "Moodie", role = "aut"), person(given = c("David", "A"), family = "Stephens", role = "aut"), person(given = "Gabrielle", family = "Simoneau", role = "aut"), person(given = c("Shannon", "T."), family = "Holloway", role = c("aut", "cre"), email = "shannon.t.holloway@gmail.com"), person(given = "Juliana", family = "Schulz", role = "aut")) as necessary. Flavor: r-devel-linux-x86_64-debian-clang

Version: 2.2
Check: DESCRIPTION meta-information
Result: NOTE Missing dependency on R >= 4.1.0 because package code uses the pipe |> or function shorthand \(...) syntax added in R 4.1.0. File(s) using such syntax: ‘Ahat.R’ ‘DTRreg.R’ ‘DWsurv.R’ ‘dtrProcedure.R’ ‘gest.R’ ‘inputProcessing.R’ ‘interactive.R’ ‘treatmentClasses.R’ ‘utils.R’ ‘varest.R’ Flavors: r-devel-linux-x86_64-debian-clang, r-patched-linux-x86_64, r-release-linux-x86_64