CRAN Package Check Results for Package DarkDiv

Last updated on 2025-05-07 03:50:57 CEST.

Flavor Version Tinstall Tcheck Ttotal Status Flags
r-devel-linux-x86_64-debian-clang 0.3.0 4.84 51.79 56.63 NOTE
r-devel-linux-x86_64-debian-gcc 0.3.0 5.36 38.37 43.73 NOTE
r-devel-linux-x86_64-fedora-clang 0.3.0 88.11 OK
r-devel-linux-x86_64-fedora-gcc 0.3.0 84.15 OK
r-devel-windows-x86_64 0.3.0 7.00 62.00 69.00 OK
r-patched-linux-x86_64 0.3.0 6.75 49.48 56.23 OK
r-release-linux-x86_64 0.3.0 6.05 49.77 55.82 OK
r-release-macos-arm64 0.3.0 30.00 OK
r-release-macos-x86_64 0.3.0 54.00 OK
r-release-windows-x86_64 0.3.0 8.00 63.00 71.00 OK
r-oldrel-macos-arm64 0.3.0 28.00 NOTE
r-oldrel-macos-x86_64 0.3.0 42.00 NOTE
r-oldrel-windows-x86_64 0.3.0 10.00 77.00 87.00 NOTE

Check Details

Version: 0.3.0
Check: CRAN incoming feasibility
Result: NOTE Maintainer: ‘Carlos P. Carmona <perezcarmonacarlos@gmail.com>’ No Authors@R field in DESCRIPTION. Please add one, modifying Authors@R: c(person(given = c("Carlos", "P."), family = "Carmona", role = c("aut", "cre"), email = "perezcarmonacarlos@gmail.com"), person(given = "Meelis", family = "Partel", role = "aut")) as necessary. Flavors: r-devel-linux-x86_64-debian-clang, r-devel-linux-x86_64-debian-gcc

Version: 0.3.0
Check: LazyData
Result: NOTE 'LazyData' is specified without a 'data' directory Flavors: r-oldrel-macos-arm64, r-oldrel-macos-x86_64, r-oldrel-windows-x86_64