Last updated on 2025-05-07 03:50:58 CEST.
Flavor | Version | Tinstall | Tcheck | Ttotal | Status | Flags |
---|---|---|---|---|---|---|
r-devel-linux-x86_64-debian-clang | 0.1.1 | 1.94 | 25.16 | 27.10 | ERROR | |
r-devel-linux-x86_64-debian-gcc | 0.1.1 | 1.59 | 20.70 | 22.29 | ERROR | |
r-devel-linux-x86_64-fedora-clang | 0.1.1 | 44.50 | OK | |||
r-devel-linux-x86_64-fedora-gcc | 0.1.1 | 54.79 | OK | |||
r-devel-windows-x86_64 | 0.1.1 | 3.00 | 49.00 | 52.00 | OK | |
r-patched-linux-x86_64 | 0.1.1 | 2.20 | 24.16 | 26.36 | OK | |
r-release-linux-x86_64 | 0.1.1 | 1.94 | 24.32 | 26.26 | OK | |
r-release-macos-arm64 | 0.1.1 | 34.00 | OK | |||
r-release-macos-x86_64 | 0.1.1 | 62.00 | OK | |||
r-release-windows-x86_64 | 0.1.1 | 3.00 | 49.00 | 52.00 | OK | |
r-oldrel-macos-arm64 | 0.1.1 | 38.00 | NOTE | |||
r-oldrel-macos-x86_64 | 0.1.1 | 40.00 | NOTE | |||
r-oldrel-windows-x86_64 | 0.1.1 | 4.00 | 55.00 | 59.00 | NOTE |
Version: 0.1.1
Check: re-building of vignette outputs
Result: ERROR
Error(s) in re-building vignettes:
...
--- re-building ‘Introduction_DemographixeR.Rmd’ using rmarkdown
Quitting from Introduction_DemographixeR.Rmd:90-96 [genderize]
~~~~~~~~~~~~~~~~~~~~~~~~~~~~~~~~~~~~~~~~~~~~~~~~~~~~~~~~~~~~~~~~~~~~~~~~~~~~~~~~
<error/rlang_error>
Error in `curl::curl_fetch_memory()`:
! Timeout was reached [api.genderize.io]: Connection timed out after 10002 milliseconds
---
Backtrace:
▆
1. ├─DemografixeR::genderize(name = customers_names)
2. │ └─DemografixeR:::country_distributor(...)
3. │ └─base::lapply(...)
4. │ └─DemografixeR (local) FUN(X[[i]], ...)
5. │ └─base::lapply(...)
6. │ └─DemografixeR (local) FUN(X[[i]], ...)
7. │ └─httr::GET(request_url, encode = "json", httr::user_agent("github.com/matbmeijer"))
8. │ └─httr:::request_perform(req, hu$handle$handle)
9. │ ├─httr:::request_fetch(req$output, req$url, handle)
10. │ └─httr:::request_fetch.write_memory(req$output, req$url, handle)
11. │ └─curl::curl_fetch_memory(url, handle = handle)
12. └─curl:::raise_libcurl_error(...)
~~~~~~~~~~~~~~~~~~~~~~~~~~~~~~~~~~~~~~~~~~~~~~~~~~~~~~~~~~~~~~~~~~~~~~~~~~~~~~~~
Error: processing vignette 'Introduction_DemographixeR.Rmd' failed with diagnostics:
Timeout was reached [api.genderize.io]: Connection timed out after 10002 milliseconds
--- failed re-building ‘Introduction_DemographixeR.Rmd’
SUMMARY: processing the following file failed:
‘Introduction_DemographixeR.Rmd’
Error: Vignette re-building failed.
Execution halted
Flavor: r-devel-linux-x86_64-debian-clang
Version: 0.1.1
Check: re-building of vignette outputs
Result: ERROR
Error(s) in re-building vignettes:
...
--- re-building ‘Introduction_DemographixeR.Rmd’ using rmarkdown
Quitting from Introduction_DemographixeR.Rmd:177-186 [country_id]
~~~~~~~~~~~~~~~~~~~~~~~~~~~~~~~~~~~~~~~~~~~~~~~~~~~~~~~~~~~~~~~~~~~~~~~~~~~~~~~~
<error/rlang_error>
Error in `curl::curl_fetch_memory()`:
! Timeout was reached [api.agify.io]: Connection timed out after 10002 milliseconds
---
Backtrace:
▆
1. ├─DemografixeR::agify(name = customers_names, country_id = "US")
2. │ └─DemografixeR:::country_distributor(...)
3. │ └─base::lapply(...)
4. │ └─DemografixeR (local) FUN(X[[i]], ...)
5. │ └─base::lapply(...)
6. │ └─DemografixeR (local) FUN(X[[i]], ...)
7. │ └─httr::GET(request_url, encode = "json", httr::user_agent("github.com/matbmeijer"))
8. │ └─httr:::request_perform(req, hu$handle$handle)
9. │ ├─httr:::request_fetch(req$output, req$url, handle)
10. │ └─httr:::request_fetch.write_memory(req$output, req$url, handle)
11. │ └─curl::curl_fetch_memory(url, handle = handle)
12. └─curl:::raise_libcurl_error(...)
~~~~~~~~~~~~~~~~~~~~~~~~~~~~~~~~~~~~~~~~~~~~~~~~~~~~~~~~~~~~~~~~~~~~~~~~~~~~~~~~
Error: processing vignette 'Introduction_DemographixeR.Rmd' failed with diagnostics:
Timeout was reached [api.agify.io]: Connection timed out after 10002 milliseconds
--- failed re-building ‘Introduction_DemographixeR.Rmd’
SUMMARY: processing the following file failed:
‘Introduction_DemographixeR.Rmd’
Error: Vignette re-building failed.
Execution halted
Flavor: r-devel-linux-x86_64-debian-gcc
Version: 0.1.1
Check: LazyData
Result: NOTE
'LazyData' is specified without a 'data' directory
Flavors: r-oldrel-macos-arm64, r-oldrel-macos-x86_64, r-oldrel-windows-x86_64