Last updated on 2025-11-04 03:50:48 CET.
| Flavor | Version | Tinstall | Tcheck | Ttotal | Status | Flags | 
|---|---|---|---|---|---|---|
| r-devel-linux-x86_64-debian-clang | 0.1.10 | 4.08 | 30.42 | 34.50 | NOTE | |
| r-devel-linux-x86_64-debian-gcc | 0.1.10 | 3.28 | 22.82 | 26.10 | NOTE | |
| r-devel-linux-x86_64-fedora-clang | 0.1.10 | 12.00 | 40.44 | 52.44 | OK | |
| r-devel-linux-x86_64-fedora-gcc | 0.1.10 | 49.72 | OK | |||
| r-devel-windows-x86_64 | 0.1.10 | 9.00 | 53.00 | 62.00 | OK | |
| r-patched-linux-x86_64 | 0.1.10 | 3.66 | 28.08 | 31.74 | OK | |
| r-release-linux-x86_64 | 0.1.10 | 3.50 | 28.26 | 31.76 | OK | |
| r-release-macos-arm64 | 0.1.10 | 4.00 | 21.00 | 25.00 | OK | |
| r-release-macos-x86_64 | 0.1.10 | 5.00 | 29.00 | 34.00 | OK | |
| r-release-windows-x86_64 | 0.1.10 | 9.00 | 52.00 | 61.00 | OK | |
| r-oldrel-macos-arm64 | 0.1.10 | 4.00 | 19.00 | 23.00 | OK | |
| r-oldrel-macos-x86_64 | 0.1.10 | 6.00 | 43.00 | 49.00 | OK | |
| r-oldrel-windows-x86_64 | 0.1.10 | 10.00 | 58.00 | 68.00 | OK | 
Version: 0.1.10
Check: CRAN incoming feasibility
Result: NOTE
  Maintainer: ‘Eduardo García-Portugués <edgarcia@est-econ.uc3m.es>’
  
  The BugReports field in DESCRIPTION has
    https://github.com/egarpor/DirStats
  which should likely be
    https://github.com/egarpor/DirStats/issues
  instead.
Flavors: r-devel-linux-x86_64-debian-clang, r-devel-linux-x86_64-debian-gcc