Last updated on 2025-05-04 03:50:51 CEST.
Flavor | Version | Tinstall | Tcheck | Ttotal | Status | Flags |
---|---|---|---|---|---|---|
r-devel-linux-x86_64-debian-clang | 1.1 | 1.87 | 18.53 | 20.40 | OK | |
r-devel-linux-x86_64-debian-gcc | 1.1 | 1.46 | 14.93 | 16.39 | OK | |
r-devel-linux-x86_64-fedora-clang | 1.1 | 33.17 | OK | |||
r-devel-linux-x86_64-fedora-gcc | 1.1 | 30.34 | OK | |||
r-devel-windows-x86_64 | 1.1 | 3.00 | 40.00 | 43.00 | OK | |
r-patched-linux-x86_64 | 1.1 | 1.55 | 17.72 | 19.27 | OK | |
r-release-linux-x86_64 | OK | |||||
r-release-macos-arm64 | 1.1 | 14.00 | OK | |||
r-release-macos-x86_64 | 1.1 | 23.00 | OK | |||
r-release-windows-x86_64 | 1.1 | 4.00 | 40.00 | 44.00 | OK | |
r-oldrel-macos-arm64 | 1.1 | 15.00 | NOTE | |||
r-oldrel-macos-x86_64 | 1.1 | 19.00 | NOTE | |||
r-oldrel-windows-x86_64 | 1.1 | 3.00 | 42.00 | 45.00 | NOTE |
Version: 1.1
Check: LazyData
Result: NOTE
'LazyData' is specified without a 'data' directory
Flavors: r-oldrel-macos-arm64, r-oldrel-macos-x86_64, r-oldrel-windows-x86_64