Last updated on 2025-07-03 03:49:39 CEST.
Flavor | Version | Tinstall | Tcheck | Ttotal | Status | Flags |
---|---|---|---|---|---|---|
r-devel-linux-x86_64-debian-clang | 1.3 | 14.92 | 39.15 | 54.07 | OK | |
r-devel-linux-x86_64-debian-gcc | 1.3 | 11.26 | 30.68 | 41.94 | OK | |
r-devel-linux-x86_64-fedora-clang | 1.3 | 89.89 | OK | |||
r-devel-linux-x86_64-fedora-gcc | 1.3 | 86.35 | OK | |||
r-devel-windows-x86_64 | 1.3 | 17.00 | 75.00 | 92.00 | OK | |
r-patched-linux-x86_64 | 1.3 | 16.07 | 36.99 | 53.06 | OK | |
r-release-linux-x86_64 | 1.3 | 15.74 | 37.41 | 53.15 | OK | |
r-release-macos-arm64 | 1.3 | 38.00 | OK | |||
r-release-macos-x86_64 | 1.3 | 50.00 | OK | |||
r-release-windows-x86_64 | 1.3 | 18.00 | 74.00 | 92.00 | OK | |
r-oldrel-macos-arm64 | 1.3 | 32.00 | NOTE | |||
r-oldrel-macos-x86_64 | 1.3 | 43.00 | NOTE | |||
r-oldrel-windows-x86_64 | 1.3 | 19.00 | 87.00 | 106.00 | NOTE |
Version: 1.3
Check: installed package size
Result: NOTE
installed size is 5.2Mb
sub-directories of 1Mb or more:
data 3.9Mb
libs 1.1Mb
Flavors: r-oldrel-macos-arm64, r-oldrel-macos-x86_64, r-oldrel-windows-x86_64