Last updated on 2025-05-04 03:50:52 CEST.
Flavor | Version | Tinstall | Tcheck | Ttotal | Status | Flags |
---|---|---|---|---|---|---|
r-devel-linux-x86_64-debian-clang | 2.1.0 | 3.02 | 26.58 | 29.60 | NOTE | |
r-devel-linux-x86_64-debian-gcc | 2.1.0 | 2.16 | 20.05 | 22.21 | NOTE | |
r-devel-linux-x86_64-fedora-clang | 2.1.0 | 47.95 | OK | |||
r-devel-linux-x86_64-fedora-gcc | 2.1.0 | 42.32 | OK | |||
r-devel-windows-x86_64 | 2.1.0 | 4.00 | 47.00 | 51.00 | OK | |
r-patched-linux-x86_64 | 2.1.0 | 2.41 | 24.81 | 27.22 | OK | |
r-release-linux-x86_64 | OK | |||||
r-release-macos-arm64 | 2.1.0 | 23.00 | OK | |||
r-release-macos-x86_64 | 2.1.0 | 28.00 | OK | |||
r-release-windows-x86_64 | 2.1.0 | 4.00 | 47.00 | 51.00 | OK | |
r-oldrel-macos-arm64 | 2.1.0 | 18.00 | OK | |||
r-oldrel-macos-x86_64 | 2.1.0 | 27.00 | OK | |||
r-oldrel-windows-x86_64 | 2.1.0 | 5.00 | 48.00 | 53.00 | OK |
Version: 2.1.0
Check: CRAN incoming feasibility
Result: NOTE
Maintainer: ‘Shuang Song <song-s19@mails.tsinghua.edu.cn>’
No Authors@R field in DESCRIPTION.
Please add one, modifying
Authors@R: c(person(given = "Shuang",
family = "Song",
role = c("aut", "cre"),
email = "song-s19@mails.tsinghua.edu.cn"),
person(given = "Wei",
family = "Jiang",
role = "aut"),
person(given = "Lin",
family = "Hou",
role = "aut"),
person(given = "Hongyu",
family = "Zhao",
role = "aut"))
as necessary.
Flavors: r-devel-linux-x86_64-debian-clang, r-devel-linux-x86_64-debian-gcc