Last updated on 2025-05-06 03:51:01 CEST.
Flavor | Version | Tinstall | Tcheck | Ttotal | Status | Flags |
---|---|---|---|---|---|---|
r-devel-linux-x86_64-debian-clang | 0.1.0 | 2.64 | 30.60 | 33.24 | NOTE | |
r-devel-linux-x86_64-debian-gcc | 0.1.0 | 2.16 | 24.35 | 26.51 | NOTE | |
r-devel-linux-x86_64-fedora-clang | 0.1.0 | 54.76 | OK | |||
r-devel-linux-x86_64-fedora-gcc | 0.1.0 | 64.89 | OK | |||
r-devel-windows-x86_64 | 0.1.0 | 4.00 | 51.00 | 55.00 | OK | |
r-patched-linux-x86_64 | 0.1.0 | 2.47 | 30.09 | 32.56 | OK | |
r-release-linux-x86_64 | 0.1.0 | 2.55 | 29.85 | 32.40 | OK | |
r-release-macos-arm64 | 0.1.0 | 36.00 | OK | |||
r-release-macos-x86_64 | 0.1.0 | 50.00 | OK | |||
r-release-windows-x86_64 | 0.1.0 | 4.00 | 53.00 | 57.00 | OK | |
r-oldrel-macos-arm64 | 0.1.0 | 25.00 | OK | |||
r-oldrel-macos-x86_64 | 0.1.0 | 45.00 | OK | |||
r-oldrel-windows-x86_64 | 0.1.0 | 5.00 | 59.00 | 64.00 | OK |
Version: 0.1.0
Check: CRAN incoming feasibility
Result: NOTE
Maintainer: ‘Pankaj Das <pankaj.das2@icar.gov.in>’
No Authors@R field in DESCRIPTION.
Please add one, modifying
Authors@R: person(given = "Pankaj",
family = "Das",
role = c("aut", "cre"),
email = "pankaj.das2@icar.gov.in",
comment = c(ORCID = "0000-0003-1672-2502"))
as necessary.
Flavors: r-devel-linux-x86_64-debian-clang, r-devel-linux-x86_64-debian-gcc