CRAN Package Check Results for Package ECoL

Last updated on 2025-05-06 03:51:01 CEST.

Flavor Version Tinstall Tcheck Ttotal Status Flags
r-devel-linux-x86_64-debian-clang 0.3.0 2.60 42.91 45.51 NOTE
r-devel-linux-x86_64-debian-gcc 0.3.0 1.70 29.27 30.97 NOTE
r-devel-linux-x86_64-fedora-clang 0.3.0 72.94 OK
r-devel-linux-x86_64-fedora-gcc 0.3.0 66.18 OK
r-devel-windows-x86_64 0.3.0 4.00 58.00 62.00 OK
r-patched-linux-x86_64 0.3.0 3.30 39.72 43.02 OK
r-release-linux-x86_64 0.3.0 2.73 40.84 43.57 OK
r-release-macos-arm64 0.3.0 25.00 OK
r-release-macos-x86_64 0.3.0 41.00 OK
r-release-windows-x86_64 0.3.0 4.00 60.00 64.00 OK
r-oldrel-macos-arm64 0.3.0 21.00 NOTE
r-oldrel-macos-x86_64 0.3.0 33.00 NOTE
r-oldrel-windows-x86_64 0.3.0 4.00 72.00 76.00 NOTE

Check Details

Version: 0.3.0
Check: CRAN incoming feasibility
Result: NOTE Maintainer: ‘Luis Garcia <lpfgarcia@icmc.usp.br>’ No Authors@R field in DESCRIPTION. Please add one, modifying Authors@R: c(person(given = "Luis", family = "Garcia", role = c("aut", "cre"), email = "lpfgarcia@icmc.usp.br"), person(given = "Ana", family = "Lorena", role = c("aut", "ctb"))) as necessary. Flavors: r-devel-linux-x86_64-debian-clang, r-devel-linux-x86_64-debian-gcc

Version: 0.3.0
Check: LazyData
Result: NOTE 'LazyData' is specified without a 'data' directory Flavors: r-oldrel-macos-arm64, r-oldrel-macos-x86_64, r-oldrel-windows-x86_64