CRAN Package Check Results for Package EESPCA

Last updated on 2025-05-04 03:50:52 CEST.

Flavor Version Tinstall Tcheck Ttotal Status Flags
r-devel-linux-x86_64-debian-clang 0.7.0 2.22 30.16 32.38 NOTE
r-devel-linux-x86_64-debian-gcc 0.7.0 1.82 23.17 24.99 NOTE
r-devel-linux-x86_64-fedora-clang 0.7.0 51.09 OK
r-devel-linux-x86_64-fedora-gcc 0.7.0 61.81 OK
r-devel-windows-x86_64 0.7.0 3.00 69.00 72.00 NOTE
r-patched-linux-x86_64 0.7.0 2.09 28.76 30.85 NOTE
r-release-linux-x86_64 NOTE
r-release-macos-arm64 0.7.0 38.00 OK
r-release-macos-x86_64 0.7.0 51.00 OK
r-release-windows-x86_64 0.7.0 3.00 63.00 66.00 NOTE
r-oldrel-macos-arm64 0.7.0 25.00 OK
r-oldrel-macos-x86_64 0.7.0 40.00 OK
r-oldrel-windows-x86_64 0.7.0 4.00 66.00 70.00 OK

Check Details

Version: 0.7.0
Check: CRAN incoming feasibility
Result: NOTE Maintainer: ‘H. Robert Frost <rob.frost@dartmouth.edu>’ No Authors@R field in DESCRIPTION. Please add one, modifying Authors@R: person(given = c("H.", "Robert"), family = "Frost", role = c("aut", "cre"), email = "rob.frost@dartmouth.edu") as necessary. Flavors: r-devel-linux-x86_64-debian-clang, r-devel-linux-x86_64-debian-gcc

Version: 0.7.0
Check: Rd cross-references
Result: NOTE Found the following Rd file(s) with Rd \link{} targets missing package anchors: EESPCACV.Rd: PMA RifleInit.Rd: rifle RiflePCACV.Rd: rifle, PMA TpowerPCACV.Rd: PMA Please provide package anchors for all Rd \link{} targets not in the package itself and the base packages. Flavors: r-devel-linux-x86_64-debian-clang, r-devel-linux-x86_64-debian-gcc, r-devel-windows-x86_64, r-patched-linux-x86_64, r-release-linux-x86_64, r-release-windows-x86_64