Last updated on 2025-10-30 02:49:01 CET.
| Flavor | Version | Tinstall | Tcheck | Ttotal | Status | Flags | 
|---|---|---|---|---|---|---|
| r-devel-linux-x86_64-debian-clang | 1.1 | 6.31 | 58.34 | 64.65 | NOTE | |
| r-devel-linux-x86_64-debian-gcc | 1.1 | 5.50 | 44.88 | 50.38 | NOTE | |
| r-devel-linux-x86_64-fedora-clang | 1.1 | 14.00 | 85.60 | 99.60 | OK | |
| r-devel-linux-x86_64-fedora-gcc | 1.1 | 14.00 | 82.13 | 96.13 | OK | |
| r-devel-windows-x86_64 | 1.1 | 7.00 | 68.00 | 75.00 | OK | |
| r-patched-linux-x86_64 | 1.1 | 6.67 | 55.94 | 62.61 | OK | |
| r-release-linux-x86_64 | 1.1 | 6.15 | 56.29 | 62.44 | OK | |
| r-release-macos-arm64 | 1.1 | 4.00 | 30.00 | 34.00 | OK | |
| r-release-macos-x86_64 | 1.1 | 6.00 | 49.00 | 55.00 | OK | |
| r-release-windows-x86_64 | 1.1 | 8.00 | 70.00 | 78.00 | OK | |
| r-oldrel-macos-arm64 | 1.1 | 3.00 | 27.00 | 30.00 | OK | |
| r-oldrel-macos-x86_64 | 1.1 | 5.00 | 39.00 | 44.00 | OK | |
| r-oldrel-windows-x86_64 | 1.1 | 10.00 | 87.00 | 97.00 | OK | 
Version: 1.1
Check: CRAN incoming feasibility
Result: NOTE
  Maintainer: ‘Guo-You Lan <jj6020770416jj@gmail.com>’
  
  No Authors@R field in DESCRIPTION.
  Please add one, modifying
    Authors@R: person(given = "Hsin-wen",
                      family = "Chang",
                      role = c("aut", "cre"),
                      email = "hwchang@stat.sinica.edu.tw")
  as necessary.
Flavors: r-devel-linux-x86_64-debian-clang, r-devel-linux-x86_64-debian-gcc