Last updated on 2025-05-07 03:50:59 CEST.
Flavor | Version | Tinstall | Tcheck | Ttotal | Status | Flags |
---|---|---|---|---|---|---|
r-devel-linux-x86_64-debian-clang | 1.1.1 | 2.92 | 23.56 | 26.48 | NOTE | |
r-devel-linux-x86_64-debian-gcc | 1.1.1 | 1.80 | 18.54 | 20.34 | NOTE | |
r-devel-linux-x86_64-fedora-clang | 1.1.1 | 40.84 | OK | |||
r-devel-linux-x86_64-fedora-gcc | 1.1.1 | 38.93 | OK | |||
r-devel-windows-x86_64 | 1.1.1 | 4.00 | 48.00 | 52.00 | OK | |
r-patched-linux-x86_64 | 1.1.1 | 2.82 | 22.56 | 25.38 | OK | |
r-release-linux-x86_64 | 1.1.1 | 2.66 | 22.49 | 25.15 | OK | |
r-release-macos-arm64 | 1.1.1 | 18.00 | OK | |||
r-release-macos-x86_64 | 1.1.1 | 31.00 | OK | |||
r-release-windows-x86_64 | 1.1.1 | 4.00 | 47.00 | 51.00 | OK | |
r-oldrel-macos-arm64 | 1.1.1 | 16.00 | OK | |||
r-oldrel-macos-x86_64 | 1.1.1 | 25.00 | OK | |||
r-oldrel-windows-x86_64 | 1.1.1 | 4.00 | 52.00 | 56.00 | OK |
Version: 1.1.1
Check: CRAN incoming feasibility
Result: NOTE
Maintainer: ‘Ziyang Lyu <ziyang.lyu@unsw.edu.au>’
No Authors@R field in DESCRIPTION.
Please add one, modifying
Authors@R: c(person(given = "Ziyang",
family = "Lyu",
role = c("aut", "cre"),
email = "ziyang.lyu@unsw.edu.au"),
person(given = "Daniel",
family = "Ahfock",
role = "aut"),
person(given = c("Geoffrey", "J."),
family = "McLachlan",
role = "aut"))
as necessary.
Flavors: r-devel-linux-x86_64-debian-clang, r-devel-linux-x86_64-debian-gcc