CRAN Package Check Results for Package EMSaov

Last updated on 2025-07-17 03:51:05 CEST.

Flavor Version Tinstall Tcheck Ttotal Status Flags
r-devel-linux-x86_64-debian-clang 2.3 2.94 23.01 25.95 NOTE
r-devel-linux-x86_64-debian-gcc 2.3 1.98 18.80 20.78 NOTE
r-devel-linux-x86_64-fedora-clang 2.3 40.92 OK
r-devel-linux-x86_64-fedora-gcc 2.3 37.98 OK
r-devel-windows-x86_64 2.3 4.00 45.00 49.00 OK
r-patched-linux-x86_64 2.3 2.93 21.84 24.77 OK
r-release-linux-x86_64 2.3 2.81 21.86 24.67 OK
r-release-macos-arm64 2.3 21.00 OK
r-release-macos-x86_64 2.3 29.00 OK
r-release-windows-x86_64 2.3 5.00 45.00 50.00 OK
r-oldrel-macos-arm64 2.3 17.00 OK
r-oldrel-macos-x86_64 2.3 23.00 OK
r-oldrel-windows-x86_64 2.3 5.00 49.00 54.00 OK

Check Details

Version: 2.3
Check: CRAN incoming feasibility
Result: NOTE Maintainer: ‘Eun-Kyung Lee <lee.eunk@gmail.com>’ No Authors@R field in DESCRIPTION. Please add one, modifying Authors@R: c(person(given = "Eun-Kyung", family = "Lee", role = c("aut", "cre"), email = "lee.eunk@gmail.com"), person(given = "Hye-Min", family = "Choe", role = "aut")) as necessary. Flavors: r-devel-linux-x86_64-debian-clang, r-devel-linux-x86_64-debian-gcc