CRAN Package Check Results for Package EMT

Last updated on 2025-05-04 03:50:52 CEST.

Flavor Version Tinstall Tcheck Ttotal Status Flags
r-devel-linux-x86_64-debian-clang 1.3.1 1.80 19.03 20.83 NOTE
r-devel-linux-x86_64-debian-gcc 1.3.1 1.34 14.96 16.30 NOTE
r-devel-linux-x86_64-fedora-clang 1.3.1 32.93 OK
r-devel-linux-x86_64-fedora-gcc 1.3.1 30.94 OK
r-devel-windows-x86_64 1.3.1 3.00 37.00 40.00 OK
r-patched-linux-x86_64 1.3.1 1.68 17.99 19.67 OK
r-release-linux-x86_64 OK
r-release-macos-arm64 1.3.1 15.00 OK
r-release-macos-x86_64 1.3.1 22.00 OK
r-release-windows-x86_64 1.3.1 2.00 37.00 39.00 OK
r-oldrel-macos-arm64 1.3.1 14.00 OK
r-oldrel-macos-x86_64 1.3.1 20.00 OK
r-oldrel-windows-x86_64 1.3.1 3.00 42.00 45.00 OK

Check Details

Version: 1.3.1
Check: CRAN incoming feasibility
Result: NOTE Maintainer: ‘Uwe Menzel <uwemenzel@gmail.com>’ No Authors@R field in DESCRIPTION. Please add one, modifying Authors@R: person(given = "Uwe", family = "Menzel", role = c("aut", "cre"), email = "uwemenzel@gmail.com") as necessary. Flavors: r-devel-linux-x86_64-debian-clang, r-devel-linux-x86_64-debian-gcc