Last updated on 2025-05-06 03:51:01 CEST.
Flavor | Version | Tinstall | Tcheck | Ttotal | Status | Flags |
---|---|---|---|---|---|---|
r-devel-linux-x86_64-debian-clang | 0.2.1 | 44.93 | 109.04 | 153.97 | NOTE | |
r-devel-linux-x86_64-debian-gcc | 0.2.1 | 33.05 | 75.85 | 108.90 | NOTE | |
r-devel-linux-x86_64-fedora-clang | 0.2.1 | 249.07 | OK | |||
r-devel-linux-x86_64-fedora-gcc | 0.2.1 | 251.72 | OK | |||
r-devel-windows-x86_64 | 0.2.1 | 50.00 | 122.00 | 172.00 | NOTE | |
r-patched-linux-x86_64 | 0.2.1 | 44.37 | 101.78 | 146.15 | NOTE | |
r-release-linux-x86_64 | 0.2.1 | 43.07 | 100.60 | 143.67 | NOTE | |
r-release-macos-arm64 | 0.2.1 | 57.00 | OK | |||
r-release-macos-x86_64 | 0.2.1 | 107.00 | OK | |||
r-release-windows-x86_64 | 0.2.1 | 48.00 | 127.00 | 175.00 | NOTE | |
r-oldrel-macos-arm64 | 0.2.1 | 55.00 | OK | |||
r-oldrel-macos-x86_64 | 0.2.1 | 88.00 | OK | |||
r-oldrel-windows-x86_64 | 0.2.1 | 61.00 | 160.00 | 221.00 | OK |
Version: 0.2.1
Check: Rd cross-references
Result: NOTE
Found the following Rd file(s) with Rd \link{} targets missing package
anchors:
em.prec.Rd: glassoFast
Please provide package anchors for all Rd \link{} targets not in the
package itself and the base packages.
Flavors: r-devel-linux-x86_64-debian-clang, r-devel-linux-x86_64-debian-gcc, r-devel-windows-x86_64, r-patched-linux-x86_64, r-release-linux-x86_64, r-release-windows-x86_64