Last updated on 2025-05-06 03:51:01 CEST.
Flavor | Version | Tinstall | Tcheck | Ttotal | Status | Flags |
---|---|---|---|---|---|---|
r-devel-linux-x86_64-debian-clang | 0.1.4 | 8.35 | 73.47 | 81.82 | NOTE | |
r-devel-linux-x86_64-debian-gcc | 0.1.4 | 4.83 | 51.82 | 56.65 | NOTE | |
r-devel-linux-x86_64-fedora-clang | 0.1.4 | 123.36 | OK | |||
r-devel-linux-x86_64-fedora-gcc | 0.1.4 | 129.33 | OK | |||
r-devel-windows-x86_64 | 0.1.4 | 9.00 | 80.00 | 89.00 | OK | |
r-patched-linux-x86_64 | 0.1.4 | 7.49 | 67.74 | 75.23 | OK | |
r-release-linux-x86_64 | 0.1.4 | 6.17 | 66.50 | 72.67 | OK | |
r-release-macos-arm64 | 0.1.4 | 39.00 | OK | |||
r-release-macos-x86_64 | 0.1.4 | 71.00 | OK | |||
r-release-windows-x86_64 | 0.1.4 | 10.00 | 82.00 | 92.00 | OK | |
r-oldrel-macos-arm64 | 0.1.4 | 44.00 | OK | |||
r-oldrel-macos-x86_64 | 0.1.4 | 57.00 | OK | |||
r-oldrel-windows-x86_64 | 0.1.4 | 11.00 | 106.00 | 117.00 | OK |
Version: 0.1.4
Check: CRAN incoming feasibility
Result: NOTE
Maintainer: ‘Catherine B. Hurley <catherine.hurley@mu.ie>’
No Authors@R field in DESCRIPTION.
Please add one, modifying
Authors@R: person(given = c("Catherine", "B."),
family = "Hurley",
role = c("aut", "cre"),
email = "catherine.hurley@mu.ie")
as necessary.
Flavors: r-devel-linux-x86_64-debian-clang, r-devel-linux-x86_64-debian-gcc