Last updated on 2025-05-04 03:50:52 CEST.
Flavor | Version | Tinstall | Tcheck | Ttotal | Status | Flags |
---|---|---|---|---|---|---|
r-devel-linux-x86_64-debian-clang | 0.6.1.1 | 28.21 | 86.49 | 114.70 | NOTE | |
r-devel-linux-x86_64-debian-gcc | 0.6.1.1 | 19.59 | 67.69 | 87.28 | NOTE | |
r-devel-linux-x86_64-fedora-clang | 0.6.1.1 | 204.27 | OK | |||
r-devel-linux-x86_64-fedora-gcc | 0.6.1.1 | 201.27 | OK | |||
r-devel-windows-x86_64 | 0.6.1.1 | 31.00 | 142.00 | 173.00 | NOTE | |
r-patched-linux-x86_64 | 0.6.1.1 | 25.20 | 84.20 | 109.40 | NOTE | |
r-release-linux-x86_64 | NOTE | |||||
r-release-macos-arm64 | 0.6.1.1 | 88.00 | OK | |||
r-release-macos-x86_64 | 0.6.1.1 | 144.00 | OK | |||
r-release-windows-x86_64 | 0.6.1.1 | 28.00 | 135.00 | 163.00 | NOTE | |
r-oldrel-macos-arm64 | 0.6.1.1 | 69.00 | OK | |||
r-oldrel-macos-x86_64 | 0.6.1.1 | 109.00 | OK | |||
r-oldrel-windows-x86_64 | 0.6.1.1 | 34.00 | 151.00 | 185.00 | OK |
Version: 0.6.1.1
Check: Rd cross-references
Result: NOTE
Found the following Rd file(s) with Rd \link{} targets missing package
anchors:
catalog.Rd: inside.owin
Please provide package anchors for all Rd \link{} targets not in the
package itself and the base packages.
Flavors: r-devel-linux-x86_64-debian-clang, r-devel-linux-x86_64-debian-gcc, r-devel-windows-x86_64, r-patched-linux-x86_64, r-release-linux-x86_64, r-release-windows-x86_64