Last updated on 2025-05-06 03:51:02 CEST.
Flavor | Version | Tinstall | Tcheck | Ttotal | Status | Flags |
---|---|---|---|---|---|---|
r-devel-linux-x86_64-debian-clang | 0.2.0 | 2.67 | 115.55 | 118.22 | NOTE | |
r-devel-linux-x86_64-debian-gcc | 0.2.0 | 1.83 | 97.31 | 99.14 | NOTE | |
r-devel-linux-x86_64-fedora-clang | 0.2.0 | 233.96 | OK | |||
r-devel-linux-x86_64-fedora-gcc | 0.2.0 | 254.60 | OK | |||
r-devel-windows-x86_64 | 0.2.0 | 5.00 | 562.00 | 567.00 | NOTE | |
r-patched-linux-x86_64 | 0.2.0 | 2.80 | 128.36 | 131.16 | NOTE | |
r-release-linux-x86_64 | 0.2.0 | 2.68 | 128.30 | 130.98 | NOTE | |
r-release-macos-arm64 | 0.2.0 | 77.00 | OK | |||
r-release-macos-x86_64 | 0.2.0 | 161.00 | OK | |||
r-release-windows-x86_64 | 0.2.0 | 6.00 | 302.00 | 308.00 | NOTE | |
r-oldrel-macos-arm64 | 0.2.0 | 60.00 | OK | |||
r-oldrel-macos-x86_64 | 0.2.0 | 160.00 | OK | |||
r-oldrel-windows-x86_64 | 0.2.0 | 6.00 | 316.00 | 322.00 | OK |
Version: 0.2.0
Check: Rd cross-references
Result: NOTE
Found the following Rd file(s) with Rd \link{} targets missing package
anchors:
simulate_background_earthquakes.Rd: etas
Please provide package anchors for all Rd \link{} targets not in the
package itself and the base packages.
Flavors: r-devel-linux-x86_64-debian-clang, r-devel-linux-x86_64-debian-gcc, r-devel-windows-x86_64, r-patched-linux-x86_64, r-release-linux-x86_64, r-release-windows-x86_64