Last updated on 2025-05-06 03:51:01 CEST.
Flavor | Version | Tinstall | Tcheck | Ttotal | Status | Flags |
---|---|---|---|---|---|---|
r-devel-linux-x86_64-debian-clang | 0.3-2 | 8.58 | 76.59 | 85.17 | NOTE | |
r-devel-linux-x86_64-debian-gcc | 0.3-2 | 7.00 | 56.52 | 63.52 | NOTE | |
r-devel-linux-x86_64-fedora-clang | 0.3-2 | 140.80 | OK | |||
r-devel-linux-x86_64-fedora-gcc | 0.3-2 | 134.39 | OK | |||
r-devel-windows-x86_64 | 0.3-2 | 10.00 | 94.00 | 104.00 | OK | |
r-patched-linux-x86_64 | 0.3-2 | 9.67 | 72.47 | 82.14 | NOTE | |
r-release-linux-x86_64 | 0.3-2 | 9.25 | 72.21 | 81.46 | NOTE | |
r-release-macos-arm64 | 0.3-2 | 42.00 | OK | |||
r-release-macos-x86_64 | 0.3-2 | 75.00 | OK | |||
r-release-windows-x86_64 | 0.3-2 | 11.00 | 114.00 | 125.00 | OK | |
r-oldrel-macos-arm64 | 0.3-2 | 38.00 | OK | |||
r-oldrel-macos-x86_64 | 0.3-2 | 59.00 | OK | |||
r-oldrel-windows-x86_64 | 0.3-2 | 13.00 | 110.00 | 123.00 | OK |
Version: 0.3-2
Check: for unstated dependencies in ‘demo’
Result: NOTE
'library' or 'require' call not declared from: ‘lavaan’
Flavors: r-devel-linux-x86_64-debian-clang, r-devel-linux-x86_64-debian-gcc, r-patched-linux-x86_64, r-release-linux-x86_64