Last updated on 2025-05-04 03:50:52 CEST.
Flavor | Version | Tinstall | Tcheck | Ttotal | Status | Flags |
---|---|---|---|---|---|---|
r-devel-linux-x86_64-debian-clang | 0.4-2 | 10.93 | 63.83 | 74.76 | NOTE | |
r-devel-linux-x86_64-debian-gcc | 0.4-2 | 7.67 | 46.07 | 53.74 | NOTE | |
r-devel-linux-x86_64-fedora-clang | 0.4-2 | 114.12 | NOTE | |||
r-devel-linux-x86_64-fedora-gcc | 0.4-2 | 110.62 | NOTE | |||
r-devel-windows-x86_64 | 0.4-2 | 15.00 | 111.00 | 126.00 | NOTE | |
r-patched-linux-x86_64 | 0.4-2 | 15.33 | 60.77 | 76.10 | NOTE | |
r-release-linux-x86_64 | NOTE | |||||
r-release-macos-arm64 | 0.4-2 | 38.00 | NOTE | |||
r-release-macos-x86_64 | 0.4-2 | 71.00 | NOTE | |||
r-release-windows-x86_64 | 0.4-2 | 14.00 | 107.00 | 121.00 | NOTE | |
r-oldrel-macos-arm64 | 0.4-2 | 33.00 | NOTE | |||
r-oldrel-macos-x86_64 | 0.4-2 | 49.00 | NOTE | |||
r-oldrel-windows-x86_64 | 0.4-2 | 18.00 | 129.00 | 147.00 | NOTE |
Version: 0.4-2
Check: CRAN incoming feasibility
Result: NOTE
Maintainer: ‘Spencer Graves <spencer.graves@effectivedefense.org>’
No Authors@R field in DESCRIPTION.
Please add one, modifying
Authors@R: c(person(given = "Yves",
family = "Croissant",
role = "aut",
email = "yves.croissant@let.ish-lyon.cnrs.fr"),
person(given = "Spencer",
family = "Graves",
role = c("aut", "cre"),
email = "spencer.graves@effectivedefense.org"))
as necessary.
Flavors: r-devel-linux-x86_64-debian-clang, r-devel-linux-x86_64-debian-gcc
Version: 0.4-2
Check: Rd files
Result: NOTE
checkRd: (-1) OCC1950.Rd:64: Lost braces
64 | \doi{10.18128/D010.V10.0}{IPUMS USA: Version 10.0 [dataset]. Minneapolis, MN: IPUMS}.
| ^
checkRd: (-1) Oil.Rd:45: Lost braces
45 | code{pt-pt-1} on a constant
| ^
checkRd: (-1) breaches.Rd:70-74: Lost braces
70 | \code{breach_end}{
| ^
checkRd: (-1) breaches.Rd:75-78: Lost braces
75 | \code{year}{
| ^
checkRd: (-1) nuclearWeaponStates.Rd:82-92: Lost braces in \itemize; meant \describe ?
checkRd: (-1) nuclearWeaponStates.Rd:93-103: Lost braces in \itemize; meant \describe ?
checkRd: (-1) nuclearWeaponStates.Rd:104-127: Lost braces in \itemize; meant \describe ?
checkRd: (-1) nuclearWeaponStates.Rd:128-140: Lost braces in \itemize; meant \describe ?
checkRd: (-1) nuclearWeaponStates.Rd:141-150: Lost braces in \itemize; meant \describe ?
checkRd: (-1) nuclearWeaponStates.Rd:151-161: Lost braces in \itemize; meant \describe ?
checkRd: (-1) nuclearWeaponStates.Rd:162-172: Lost braces in \itemize; meant \describe ?
checkRd: (-1) nuclearWeaponStates.Rd:173-191: Lost braces in \itemize; meant \describe ?
checkRd: (-1) nuclearWeaponStates.Rd:192-219: Lost braces in \itemize; meant \describe ?
Flavors: r-devel-linux-x86_64-debian-clang, r-devel-linux-x86_64-debian-gcc, r-devel-linux-x86_64-fedora-clang, r-devel-linux-x86_64-fedora-gcc, r-devel-windows-x86_64, r-patched-linux-x86_64, r-release-linux-x86_64, r-release-macos-arm64, r-release-macos-x86_64, r-release-windows-x86_64, r-oldrel-macos-arm64, r-oldrel-macos-x86_64, r-oldrel-windows-x86_64
Version: 0.4-2
Check: Rd cross-references
Result: NOTE
Found the following Rd file(s) with Rd \link{} targets missing package
anchors:
USFinanceIndustry.Rd: readNIPA
USstateAbbreviations.Rd: readUSstateAbbreviations,
grepNonStandardCharacters, subNonStandardCharacters
Please provide package anchors for all Rd \link{} targets not in the
package itself and the base packages.
Flavors: r-devel-linux-x86_64-debian-clang, r-devel-linux-x86_64-debian-gcc, r-devel-windows-x86_64, r-patched-linux-x86_64, r-release-linux-x86_64, r-release-windows-x86_64