Last updated on 2025-05-04 03:50:52 CEST.
Flavor | Version | Tinstall | Tcheck | Ttotal | Status | Flags |
---|---|---|---|---|---|---|
r-devel-linux-x86_64-debian-clang | 1.6.1 | 4.08 | 42.59 | 46.67 | NOTE | |
r-devel-linux-x86_64-debian-gcc | 1.6.1 | 3.22 | 30.83 | 34.05 | NOTE | |
r-devel-linux-x86_64-fedora-clang | 1.6.1 | 74.28 | OK | |||
r-devel-linux-x86_64-fedora-gcc | 1.6.1 | 70.87 | OK | |||
r-devel-windows-x86_64 | 1.6.1 | 5.00 | 59.00 | 64.00 | OK | |
r-patched-linux-x86_64 | 1.6.1 | 4.32 | 40.95 | 45.27 | OK | |
r-release-linux-x86_64 | OK | |||||
r-release-macos-arm64 | 1.6.1 | 23.00 | OK | |||
r-release-macos-x86_64 | 1.6.1 | 46.00 | OK | |||
r-release-windows-x86_64 | 1.6.1 | 5.00 | 68.00 | 73.00 | OK | |
r-oldrel-macos-arm64 | 1.6.1 | 22.00 | OK | |||
r-oldrel-macos-x86_64 | 1.6.1 | 35.00 | OK | |||
r-oldrel-windows-x86_64 | 1.6.1 | 6.00 | 60.00 | 66.00 | OK |
Version: 1.6.1
Check: CRAN incoming feasibility
Result: NOTE
Maintainer: ‘Jerome Guitton <jerome.guitton@agrocampus-ouest.fr>’
No Authors@R field in DESCRIPTION.
Please add one, modifying
Authors@R: c(person(given = "J.",
family = "Guitton",
role = "aut"),
person(given = "M.",
family = "Colleter",
role = "aut"),
person(given = "P.",
family = "Gatti",
role = "aut"),
person(given = "D.",
family = "Gascuel",
role = "aut"),
person(given = "Jerome",
family = "Guitton",
role = "cre",
email = "jerome.guitton@agrocampus-ouest.fr"))
as necessary.
Flavors: r-devel-linux-x86_64-debian-clang, r-devel-linux-x86_64-debian-gcc