Last updated on 2025-05-06 03:51:02 CEST.
Flavor | Version | Tinstall | Tcheck | Ttotal | Status | Flags |
---|---|---|---|---|---|---|
r-devel-linux-x86_64-debian-clang | 4.0.0 | 10.91 | 210.88 | 221.79 | NOTE | |
r-devel-linux-x86_64-debian-gcc | 4.0.0 | 8.87 | 138.34 | 147.21 | NOTE | |
r-devel-linux-x86_64-fedora-clang | 4.0.0 | 329.70 | NOTE | |||
r-devel-linux-x86_64-fedora-gcc | 4.0.0 | 361.98 | NOTE | |||
r-devel-windows-x86_64 | 4.0.0 | 14.00 | 247.00 | 261.00 | NOTE | |
r-patched-linux-x86_64 | 4.0.0 | 11.56 | 198.99 | 210.55 | NOTE | |
r-release-linux-x86_64 | 4.0.0 | 10.50 | 196.48 | 206.98 | NOTE | |
r-release-macos-arm64 | 4.0.0 | 129.00 | NOTE | |||
r-release-macos-x86_64 | 4.0.0 | 217.00 | NOTE | |||
r-release-windows-x86_64 | 4.0.0 | 13.00 | 243.00 | 256.00 | NOTE | |
r-oldrel-macos-arm64 | 4.0.0 | 92.00 | NOTE | |||
r-oldrel-macos-x86_64 | 4.0.0 | 165.00 | NOTE | |||
r-oldrel-windows-x86_64 | 4.0.0 | 16.00 | 326.00 | 342.00 | NOTE |
Version: 4.0.0
Check: Rd files
Result: NOTE
checkRd: (-1) integration.Rd:37-38: Lost braces in \itemize; meant \describe ?
checkRd: (-1) integration.Rd:39: Lost braces in \itemize; meant \describe ?
checkRd: (-1) integration.Rd:40: Lost braces in \itemize; meant \describe ?
checkRd: (-1) integration.Rd:41-42: Lost braces in \itemize; meant \describe ?
checkRd: (-1) loess.options.Rd:25-26: Lost braces in \itemize; meant \describe ?
checkRd: (-1) loess.options.Rd:27-28: Lost braces in \itemize; meant \describe ?
checkRd: (-1) maxlogLreg.Rd:138: Lost braces; missing escapes or markup?
138 | $j^{th}$ for all the observations.
| ^
Flavors: r-devel-linux-x86_64-debian-clang, r-devel-linux-x86_64-debian-gcc, r-devel-linux-x86_64-fedora-clang, r-devel-linux-x86_64-fedora-gcc, r-devel-windows-x86_64, r-patched-linux-x86_64, r-release-linux-x86_64, r-release-macos-arm64, r-release-macos-x86_64, r-release-windows-x86_64, r-oldrel-macos-arm64, r-oldrel-macos-x86_64, r-oldrel-windows-x86_64
Version: 4.0.0
Check: Rd cross-references
Result: NOTE
Found the following Rd file(s) with Rd \link{} targets missing package
anchors:
maxlogL.Rd: DEoptim
maxlogLreg.Rd: DEoptim, DEoptim.control
Please provide package anchors for all Rd \link{} targets not in the
package itself and the base packages.
Flavors: r-devel-linux-x86_64-debian-clang, r-devel-linux-x86_64-debian-gcc, r-devel-windows-x86_64, r-patched-linux-x86_64, r-release-linux-x86_64, r-release-windows-x86_64