Last updated on 2025-05-04 03:50:52 CEST.
Flavor | Version | Tinstall | Tcheck | Ttotal | Status | Flags |
---|---|---|---|---|---|---|
r-devel-linux-x86_64-debian-clang | 0.1.0 | 2.04 | 32.44 | 34.48 | NOTE | |
r-devel-linux-x86_64-debian-gcc | 0.1.0 | 1.64 | 24.36 | 26.00 | NOTE | |
r-devel-linux-x86_64-fedora-clang | 0.1.0 | 55.81 | NOTE | |||
r-devel-linux-x86_64-fedora-gcc | 0.1.0 | 53.44 | NOTE | |||
r-devel-windows-x86_64 | 0.1.0 | 3.00 | 62.00 | 65.00 | NOTE | |
r-patched-linux-x86_64 | 0.1.0 | 2.31 | 31.38 | 33.69 | NOTE | |
r-release-linux-x86_64 | NOTE | |||||
r-release-macos-arm64 | 0.1.0 | 22.00 | NOTE | |||
r-release-macos-x86_64 | 0.1.0 | 41.00 | NOTE | |||
r-release-windows-x86_64 | 0.1.0 | 3.00 | 61.00 | 64.00 | NOTE | |
r-oldrel-macos-arm64 | 0.1.0 | 19.00 | NOTE | |||
r-oldrel-macos-x86_64 | 0.1.0 | 31.00 | NOTE | |||
r-oldrel-windows-x86_64 | 0.1.0 | 3.00 | 68.00 | 71.00 | NOTE |
Version: 0.1.0
Check: CRAN incoming feasibility
Result: NOTE
Maintainer: ‘Fahimeh Nezhadmoghadam <f.nejad.moghadam@gmail.com>’
No Authors@R field in DESCRIPTION.
Please add one, modifying
Authors@R: c(person(given = c("Fahimeh", "Nezhadmoghadam,Jose", "Gerardo"),
family = "Tamez-Pena",
role = "aut"),
person(given = "Fahimeh",
family = "Nezhadmoghadam",
role = "cre",
email = "f.nejad.moghadam@gmail.com"))
as necessary.
Flavors: r-devel-linux-x86_64-debian-clang, r-devel-linux-x86_64-debian-gcc
Version: 0.1.0
Check: Rd files
Result: NOTE
checkRd: (-1) FuzzyCluster.Rd:15: Lost braces; missing escapes or markup?
15 | A list of cluster labels and a R object of class "fcm {ppclust}"
| ^
checkRd: (-1) pamCluster.Rd:15: Lost braces; missing escapes or markup?
15 | A list of cluster labels and a R object of class "pam {cluster}"
| ^
Flavors: r-devel-linux-x86_64-debian-clang, r-devel-linux-x86_64-debian-gcc, r-devel-linux-x86_64-fedora-clang, r-devel-linux-x86_64-fedora-gcc, r-devel-windows-x86_64, r-patched-linux-x86_64, r-release-linux-x86_64, r-release-macos-arm64, r-release-macos-x86_64, r-release-windows-x86_64, r-oldrel-macos-arm64, r-oldrel-macos-x86_64, r-oldrel-windows-x86_64