Last updated on 2025-05-04 03:50:53 CEST.
Flavor | Version | Tinstall | Tcheck | Ttotal | Status | Flags |
---|---|---|---|---|---|---|
r-devel-linux-x86_64-debian-clang | 1.2 | 18.04 | 28.62 | 46.66 | NOTE | |
r-devel-linux-x86_64-debian-gcc | 1.2 | 15.29 | 23.27 | 38.56 | NOTE | |
r-devel-linux-x86_64-fedora-clang | 1.2 | 78.31 | OK | |||
r-devel-linux-x86_64-fedora-gcc | 1.2 | 84.49 | OK | |||
r-devel-windows-x86_64 | 1.2 | 25.00 | 79.00 | 104.00 | OK | |
r-patched-linux-x86_64 | 1.2 | 18.67 | 27.74 | 46.41 | OK | |
r-release-linux-x86_64 | OK | |||||
r-release-macos-arm64 | 1.2 | 30.00 | OK | |||
r-release-macos-x86_64 | 1.2 | 54.00 | OK | |||
r-release-windows-x86_64 | 1.2 | 24.00 | 75.00 | 99.00 | OK | |
r-oldrel-macos-arm64 | 1.2 | 27.00 | NOTE | |||
r-oldrel-macos-x86_64 | 1.2 | 52.00 | NOTE | |||
r-oldrel-windows-x86_64 | 1.2 | 29.00 | 82.00 | 111.00 | OK |
Version: 1.2
Check: CRAN incoming feasibility
Result: NOTE
Maintainer: ‘Davide Altomare <davide.altomare@gmail.com>’
No Authors@R field in DESCRIPTION.
Please add one, modifying
Authors@R: c(person(given = "Davide",
family = "Altomare",
role = c("aut", "cre"),
email = "davide.altomare@gmail.com"),
person(given = "Guido",
family = "Consonni",
role = "aut"),
person(given = "Luca",
family = "La Rocca",
role = "aut"))
as necessary.
Flavors: r-devel-linux-x86_64-debian-clang, r-devel-linux-x86_64-debian-gcc
Version: 1.2
Check: installed package size
Result: NOTE
installed size is 5.8Mb
sub-directories of 1Mb or more:
data 3.5Mb
libs 2.2Mb
Flavors: r-oldrel-macos-arm64, r-oldrel-macos-x86_64