Last updated on 2025-05-04 03:50:53 CEST.
Flavor | Version | Tinstall | Tcheck | Ttotal | Status | Flags |
---|---|---|---|---|---|---|
r-devel-linux-x86_64-debian-clang | 1.1 | 1.93 | 19.26 | 21.19 | NOTE | |
r-devel-linux-x86_64-debian-gcc | 1.1 | 1.48 | 15.82 | 17.30 | NOTE | |
r-devel-linux-x86_64-fedora-clang | 1.1 | 33.73 | OK | |||
r-devel-linux-x86_64-fedora-gcc | 1.1 | 31.72 | OK | |||
r-devel-windows-x86_64 | 1.1 | 4.00 | 42.00 | 46.00 | OK | |
r-patched-linux-x86_64 | 1.1 | 2.19 | 18.63 | 20.82 | OK | |
r-release-linux-x86_64 | OK | |||||
r-release-macos-arm64 | 1.1 | 18.00 | OK | |||
r-release-macos-x86_64 | 1.1 | 36.00 | OK | |||
r-release-windows-x86_64 | 1.1 | 3.00 | 41.00 | 44.00 | OK | |
r-oldrel-macos-arm64 | 1.1 | 16.00 | OK | |||
r-oldrel-macos-x86_64 | 1.1 | 31.00 | OK | |||
r-oldrel-windows-x86_64 | 1.1 | 4.00 | 45.00 | 49.00 | OK |
Version: 1.1
Check: CRAN incoming feasibility
Result: NOTE
Maintainer: ‘Shaun Turney <shaun.turney@mail.mcgill.ca>’
No Authors@R field in DESCRIPTION.
Please add one, modifying
Authors@R: c(person(given = "Shaun",
family = "Turney",
role = c("aut", "cre"),
email = "shaun.turney@mail.mcgill.ca"),
person(given = "Michael",
family = "Bachhofer",
role = "aut"))
as necessary.
Flavors: r-devel-linux-x86_64-debian-clang, r-devel-linux-x86_64-debian-gcc