Last updated on 2025-05-04 03:50:53 CEST.
Flavor | Version | Tinstall | Tcheck | Ttotal | Status | Flags |
---|---|---|---|---|---|---|
r-devel-linux-x86_64-debian-clang | 0.5 | 1.69 | 29.06 | 30.75 | NOTE | |
r-devel-linux-x86_64-debian-gcc | 0.5 | 1.69 | 22.99 | 24.68 | NOTE | |
r-devel-linux-x86_64-fedora-clang | 0.5 | 50.14 | OK | |||
r-devel-linux-x86_64-fedora-gcc | 0.5 | 45.78 | OK | |||
r-devel-windows-x86_64 | 0.5 | 3.00 | 49.00 | 52.00 | OK | |
r-patched-linux-x86_64 | 0.5 | 2.20 | 28.07 | 30.27 | OK | |
r-release-linux-x86_64 | OK | |||||
r-release-macos-arm64 | 0.5 | 20.00 | OK | |||
r-release-macos-x86_64 | 0.5 | 33.00 | OK | |||
r-release-windows-x86_64 | 0.5 | 4.00 | 49.00 | 53.00 | OK | |
r-oldrel-macos-arm64 | 0.5 | 18.00 | OK | |||
r-oldrel-macos-x86_64 | 0.5 | 27.00 | OK | |||
r-oldrel-windows-x86_64 | 0.5 | 3.00 | 54.00 | 57.00 | OK |
Version: 0.5
Check: CRAN incoming feasibility
Result: NOTE
Maintainer: ‘Abbas Parchami <parchami@uk.ac.ir>’
No Authors@R field in DESCRIPTION.
Please add one, modifying
Authors@R: person(given = "Abbas",
family = "Parchami",
role = c("aut", "cre"),
email = "parchami@uk.ac.ir",
comment = "Department of Statistics, Faculty of Mathematics and Computer, Shahid Bahonar University of Kerman, Kerman, Iran")
as necessary.
Flavors: r-devel-linux-x86_64-debian-clang, r-devel-linux-x86_64-debian-gcc