Last updated on 2025-05-06 03:51:03 CEST.
Flavor | Version | Tinstall | Tcheck | Ttotal | Status | Flags |
---|---|---|---|---|---|---|
r-devel-linux-x86_64-debian-clang | 1.0 | 47.49 | 32.16 | 79.65 | NOTE | |
r-devel-linux-x86_64-debian-gcc | 1.0 | 31.88 | 26.90 | 58.78 | NOTE | |
r-devel-linux-x86_64-fedora-clang | 1.0 | 131.65 | NOTE | |||
r-devel-linux-x86_64-fedora-gcc | 1.0 | 145.31 | NOTE | |||
r-devel-windows-x86_64 | 1.0 | 48.00 | 71.00 | 119.00 | NOTE | |
r-patched-linux-x86_64 | 1.0 | 45.00 | 34.28 | 79.28 | NOTE | |
r-release-linux-x86_64 | 1.0 | 44.22 | 33.72 | 77.94 | NOTE | |
r-release-macos-arm64 | 1.0 | 41.00 | NOTE | |||
r-release-macos-x86_64 | 1.0 | 67.00 | NOTE | |||
r-release-windows-x86_64 | 1.0 | 49.00 | 82.00 | 131.00 | NOTE | |
r-oldrel-macos-arm64 | 1.0 | 38.00 | NOTE | |||
r-oldrel-macos-x86_64 | 1.0 | 57.00 | NOTE | |||
r-oldrel-windows-x86_64 | 1.0 | 57.00 | 91.00 | 148.00 | NOTE |
Version: 1.0
Check: C++ specification
Result: NOTE
Specified C++11: please drop specification unless essential
Flavors: r-devel-linux-x86_64-debian-clang, r-devel-linux-x86_64-debian-gcc, r-devel-linux-x86_64-fedora-clang, r-devel-linux-x86_64-fedora-gcc, r-devel-windows-x86_64, r-patched-linux-x86_64, r-release-linux-x86_64, r-release-macos-arm64, r-release-macos-x86_64, r-release-windows-x86_64, r-oldrel-macos-arm64, r-oldrel-macos-x86_64, r-oldrel-windows-x86_64
Version: 1.0
Check: Rd files
Result: NOTE
checkRd: (-1) maximin.Rd:197: Lost braces
197 | Meinshausen, N and P. B{u}hlmann (2015). Maximin effects in inhomogeneous large-scale data.
| ^
Flavors: r-devel-linux-x86_64-debian-clang, r-devel-linux-x86_64-debian-gcc, r-devel-linux-x86_64-fedora-clang, r-devel-linux-x86_64-fedora-gcc, r-devel-windows-x86_64, r-patched-linux-x86_64, r-release-linux-x86_64, r-release-macos-arm64, r-release-macos-x86_64, r-release-windows-x86_64, r-oldrel-macos-arm64, r-oldrel-macos-x86_64, r-oldrel-windows-x86_64
Version: 1.0
Check: installed package size
Result: NOTE
installed size is 8.7Mb
sub-directories of 1Mb or more:
libs 8.6Mb
Flavors: r-oldrel-macos-arm64, r-oldrel-macos-x86_64