CRAN Package Check Results for Package FSInteract

Last updated on 2025-05-06 03:51:03 CEST.

Flavor Version Tinstall Tcheck Ttotal Status Flags
r-devel-linux-x86_64-debian-clang 0.1.2 16.46 51.24 67.70 NOTE
r-devel-linux-x86_64-debian-gcc 0.1.2 13.28 39.70 52.98 NOTE
r-devel-linux-x86_64-fedora-clang 0.1.2 114.72 NOTE
r-devel-linux-x86_64-fedora-gcc 0.1.2 110.59 NOTE
r-devel-windows-x86_64 0.1.2 21.00 83.00 104.00 NOTE
r-patched-linux-x86_64 0.1.2 16.40 50.14 66.54 NOTE
r-release-linux-x86_64 0.1.2 17.46 49.44 66.90 NOTE
r-release-macos-arm64 0.1.2 38.00 NOTE
r-release-macos-x86_64 0.1.2 59.00 NOTE
r-release-windows-x86_64 0.1.2 22.00 84.00 106.00 NOTE
r-oldrel-macos-arm64 0.1.2 35.00 NOTE
r-oldrel-macos-x86_64 0.1.2 51.00 NOTE
r-oldrel-windows-x86_64 0.1.2 25.00 104.00 129.00 NOTE

Check Details

Version: 0.1.2
Check: CRAN incoming feasibility
Result: NOTE Maintainer: ‘Rajen D. Shah <r.shah@statslab.cam.ac.uk>’ No Authors@R field in DESCRIPTION. Please add one, modifying Authors@R: c(person(given = c("Hyun", "Jik"), family = "Kim", role = "aut"), person(given = c("Rajen", "D."), family = "Shah", role = c("aut", "cre"), email = "r.shah@statslab.cam.ac.uk")) as necessary. Flavors: r-devel-linux-x86_64-debian-clang, r-devel-linux-x86_64-debian-gcc

Version: 0.1.2
Check: C++ specification
Result: NOTE Specified C++11: please drop specification unless essential Flavors: r-devel-linux-x86_64-debian-clang, r-devel-linux-x86_64-debian-gcc, r-devel-linux-x86_64-fedora-clang, r-devel-linux-x86_64-fedora-gcc, r-devel-windows-x86_64, r-patched-linux-x86_64, r-release-linux-x86_64, r-release-macos-arm64, r-release-macos-x86_64, r-release-windows-x86_64, r-oldrel-macos-arm64, r-oldrel-macos-x86_64, r-oldrel-windows-x86_64