CRAN Package Check Results for Package FSelector

Last updated on 2025-05-04 03:50:53 CEST.

Flavor Version Tinstall Tcheck Ttotal Status Flags
r-devel-linux-x86_64-debian-clang 0.34 7.25 60.99 68.24 NOTE
r-devel-linux-x86_64-debian-gcc 0.34 5.58 47.69 53.27 NOTE
r-devel-linux-x86_64-fedora-clang 0.34 112.49 NOTE
r-devel-linux-x86_64-fedora-gcc 0.34 105.79 NOTE
r-devel-windows-x86_64 0.34 8.00 95.00 103.00 NOTE
r-patched-linux-x86_64 0.34 7.34 59.07 66.41 NOTE
r-release-linux-x86_64 NOTE
r-release-macos-arm64 0.34 31.00 NOTE
r-release-macos-x86_64 0.34 56.00 NOTE
r-release-windows-x86_64 0.34 9.00 73.00 82.00 NOTE
r-oldrel-macos-arm64 0.34 30.00 NOTE
r-oldrel-macos-x86_64 0.34 43.00 NOTE
r-oldrel-windows-x86_64 0.34 10.00 88.00 98.00 NOTE

Check Details

Version: 0.34
Check: CRAN incoming feasibility
Result: NOTE Maintainer: ‘Lars Kotthoff <larsko@uwyo.edu>’ No Authors@R field in DESCRIPTION. Please add one, modifying Authors@R: c(person(given = "Piotr", family = "Romanski", role = "aut"), person(given = "Lars", family = "Kotthoff", role = c("aut", "cre"), email = "larsko@uwyo.edu"), person(given = "Patrick", family = "Schratz", role = "aut")) as necessary. Flavors: r-devel-linux-x86_64-debian-clang, r-devel-linux-x86_64-debian-gcc

Version: 0.34
Check: Rd files
Result: NOTE checkRd: (-1) FSelector-package.Rd:14: Lost braces in \itemize; meant \describe ? checkRd: (-1) FSelector-package.Rd:15: Lost braces in \itemize; meant \describe ? checkRd: (-1) FSelector-package.Rd:16: Lost braces in \itemize; meant \describe ? checkRd: (-1) FSelector-package.Rd:17: Lost braces in \itemize; meant \describe ? checkRd: (-1) relief.Rd:21: Lost braces in \itemize; meant \describe ? checkRd: (-1) relief.Rd:22: Lost braces in \itemize; meant \describe ? Flavors: r-devel-linux-x86_64-debian-clang, r-devel-linux-x86_64-debian-gcc, r-devel-linux-x86_64-fedora-clang, r-devel-linux-x86_64-fedora-gcc, r-devel-windows-x86_64, r-patched-linux-x86_64, r-release-linux-x86_64, r-release-macos-arm64, r-release-macos-x86_64, r-release-windows-x86_64, r-oldrel-macos-arm64, r-oldrel-macos-x86_64, r-oldrel-windows-x86_64