Last updated on 2025-05-04 03:50:53 CEST.
Flavor | Version | Tinstall | Tcheck | Ttotal | Status | Flags |
---|---|---|---|---|---|---|
r-devel-linux-x86_64-debian-clang | 1.5.2 | 3.60 | 33.99 | 37.59 | NOTE | |
r-devel-linux-x86_64-debian-gcc | 1.5.2 | 2.37 | 28.02 | 30.39 | NOTE | |
r-devel-linux-x86_64-fedora-clang | 1.5.2 | 57.16 | OK | |||
r-devel-linux-x86_64-fedora-gcc | 1.5.2 | 52.84 | OK | |||
r-devel-windows-x86_64 | 1.5.2 | 4.00 | 64.00 | 68.00 | OK | |
r-patched-linux-x86_64 | 1.5.2 | 3.40 | 32.94 | 36.34 | OK | |
r-release-linux-x86_64 | OK | |||||
r-release-macos-arm64 | 1.5.2 | 22.00 | OK | |||
r-release-macos-x86_64 | 1.5.2 | 36.00 | OK | |||
r-release-windows-x86_64 | 1.5.2 | 6.00 | 55.00 | 61.00 | OK | |
r-oldrel-macos-arm64 | 1.5.2 | 24.00 | OK | |||
r-oldrel-macos-x86_64 | 1.5.2 | 37.00 | OK | |||
r-oldrel-windows-x86_64 | 1.5.2 | 6.00 | 64.00 | 70.00 | OK |
Version: 1.5.2
Check: CRAN incoming feasibility
Result: NOTE
Maintainer: ‘Reiichiro Nakamichi <nakamichi_reiichiro33@fra.go.jp>’
No Authors@R field in DESCRIPTION.
Please add one, modifying
Authors@R: c(person(given = "Reiichiro",
family = "Nakamichi",
role = c("aut", "cre"),
email = "nakamichi_reiichiro33@fra.go.jp"),
person(given = "Hirohisa",
family = "Kishino",
role = "aut"),
person(given = "Shuichi",
family = "Kitada",
role = "aut"))
as necessary.
Flavors: r-devel-linux-x86_64-debian-clang, r-devel-linux-x86_64-debian-gcc