Last updated on 2025-05-04 03:50:53 CEST.
Flavor | Version | Tinstall | Tcheck | Ttotal | Status | Flags |
---|---|---|---|---|---|---|
r-devel-linux-x86_64-debian-clang | 1.0.0 | 3.39 | 35.68 | 39.07 | NOTE | |
r-devel-linux-x86_64-debian-gcc | 1.0.0 | 2.30 | 26.60 | 28.90 | NOTE | |
r-devel-linux-x86_64-fedora-clang | 1.0.0 | 63.57 | OK | |||
r-devel-linux-x86_64-fedora-gcc | 1.0.0 | 58.40 | OK | |||
r-devel-windows-x86_64 | 1.0.0 | 5.00 | 82.00 | 87.00 | OK | |
r-patched-linux-x86_64 | 1.0.0 | 3.73 | 33.20 | 36.93 | OK | |
r-release-linux-x86_64 | OK | |||||
r-release-macos-arm64 | 1.0.0 | 24.00 | OK | |||
r-release-macos-x86_64 | 1.0.0 | 41.00 | OK | |||
r-release-windows-x86_64 | 1.0.0 | 5.00 | 63.00 | 68.00 | OK | |
r-oldrel-macos-arm64 | 1.0.0 | 21.00 | OK | |||
r-oldrel-macos-x86_64 | 1.0.0 | 30.00 | OK | |||
r-oldrel-windows-x86_64 | 1.0.0 | 6.00 | 76.00 | 82.00 | OK |
Version: 1.0.0
Check: CRAN incoming feasibility
Result: NOTE
Maintainer: ‘Marco Bee <marco.bee@unitn.it>’
Found the following \keyword or \concept entries
which likely give several index terms:
File ‘AMLEfit.Rd’:
\keyword{mixture;}
File ‘AMLEmode.Rd’:
\keyword{mixture;}
File ‘CENoisyFit.Rd’:
\keyword{mixture;}
File ‘CENoisyFitBoot.Rd’:
\keyword{Cross-Entropy;}
\keyword{mixture;}
File ‘MLEBoot.Rd’:
\keyword{MLE;}
\keyword{mixture;}
File ‘MLEfit.Rd’:
\keyword{mixture;}
File ‘cvm_stat_M.Rd’:
\keyword{mixture;}
File ‘rDynMix.Rd’:
\keyword{mixture;}
Flavors: r-devel-linux-x86_64-debian-clang, r-devel-linux-x86_64-debian-gcc