Last updated on 2025-05-04 03:50:53 CEST.
Flavor | Version | Tinstall | Tcheck | Ttotal | Status | Flags |
---|---|---|---|---|---|---|
r-devel-linux-x86_64-debian-clang | 1.3 | 15.78 | 112.11 | 127.89 | NOTE | |
r-devel-linux-x86_64-debian-gcc | 1.3 | 11.62 | 78.81 | 90.43 | NOTE | |
r-devel-linux-x86_64-fedora-clang | 1.3 | 189.54 | OK | |||
r-devel-linux-x86_64-fedora-gcc | 1.3 | 190.88 | OK | |||
r-devel-windows-x86_64 | 1.3 | 19.00 | 122.00 | 141.00 | OK | |
r-patched-linux-x86_64 | 1.3 | 15.59 | 107.28 | 122.87 | OK | |
r-release-linux-x86_64 | OK | |||||
r-release-macos-arm64 | 1.3 | 51.00 | OK | |||
r-release-macos-x86_64 | 1.3 | 103.00 | OK | |||
r-release-windows-x86_64 | 1.3 | 19.00 | 120.00 | 139.00 | OK | |
r-oldrel-macos-arm64 | 1.3 | 55.00 | OK | |||
r-oldrel-macos-x86_64 | 1.3 | 80.00 | OK | |||
r-oldrel-windows-x86_64 | 1.3 | 24.00 | 149.00 | 173.00 | OK |
Version: 1.3
Check: CRAN incoming feasibility
Result: NOTE
Maintainer: ‘Philippe Courcoux <philippe.courcoux@oniris-nantes.fr>’
No Authors@R field in DESCRIPTION.
Please add one, modifying
Authors@R: person(given = "Philippe",
family = "Courcoux",
role = c("aut", "cre"),
email = "philippe.courcoux@oniris-nantes.fr")
as necessary.
Flavors: r-devel-linux-x86_64-debian-clang, r-devel-linux-x86_64-debian-gcc