Last updated on 2025-05-06 03:51:03 CEST.
Flavor | Version | Tinstall | Tcheck | Ttotal | Status | Flags |
---|---|---|---|---|---|---|
r-devel-linux-x86_64-debian-clang | 0.3 | 16.42 | 139.29 | 155.71 | NOTE | |
r-devel-linux-x86_64-debian-gcc | 0.3 | 10.52 | 92.80 | 103.32 | NOTE | |
r-devel-linux-x86_64-fedora-clang | 0.3 | 244.25 | OK | |||
r-devel-linux-x86_64-fedora-gcc | 0.3 | 256.06 | OK | |||
r-devel-windows-x86_64 | 0.3 | 14.00 | 175.00 | 189.00 | OK | |
r-patched-linux-x86_64 | 0.3 | 16.59 | 132.97 | 149.56 | OK | |
r-release-linux-x86_64 | 0.3 | 15.86 | 132.01 | 147.87 | OK | |
r-release-macos-arm64 | 0.3 | 69.00 | OK | |||
r-release-macos-x86_64 | 0.3 | 193.00 | OK | |||
r-release-windows-x86_64 | 0.3 | 15.00 | 176.00 | 191.00 | OK | |
r-oldrel-macos-arm64 | 0.3 | 89.00 | OK | |||
r-oldrel-macos-x86_64 | 0.3 | 204.00 | OK | |||
r-oldrel-windows-x86_64 | 0.3 | 17.00 | 204.00 | 221.00 | OK |
Version: 0.3
Check: CRAN incoming feasibility
Result: NOTE
Maintainer: ‘Redina Berkachy <redina.berkachy@hefr.ch>’
No Authors@R field in DESCRIPTION.
Please add one, modifying
Authors@R: c(person(given = "Redina",
family = "Berkachy",
role = c("aut", "cre"),
email = "redina.berkachy@unifr.ch"),
person(given = "Laurent",
family = "Donze",
role = "aut",
email = "laurent.donze@unifr.ch"))
as necessary.
Flavors: r-devel-linux-x86_64-debian-clang, r-devel-linux-x86_64-debian-gcc