CRAN Package Check Results for Package GALLO

Last updated on 2025-11-02 02:50:45 CET.

Flavor Version Tinstall Tcheck Ttotal Status Flags
r-devel-linux-x86_64-debian-clang 1.5 8.82 121.22 130.04 OK
r-devel-linux-x86_64-debian-gcc 1.5 7.12 88.84 95.96 OK
r-devel-linux-x86_64-fedora-clang 1.5 48.00 161.62 209.62 OK
r-devel-linux-x86_64-fedora-gcc 1.5 63.00 161.43 224.43 OK
r-devel-windows-x86_64 1.5 13.00 121.00 134.00 OK
r-patched-linux-x86_64 1.5 0.35 2.07 2.42 ERROR
r-release-linux-x86_64 1.5 10.21 111.66 121.87 OK
r-release-macos-arm64 1.5 5.00 89.00 94.00 OK
r-release-macos-x86_64 1.5 7.00 97.00 104.00 OK
r-release-windows-x86_64 1.5 13.00 117.00 130.00 OK
r-oldrel-macos-arm64 1.5 4.00 54.00 58.00 OK
r-oldrel-macos-x86_64 1.5 14.00 124.00 138.00 NOTE
r-oldrel-windows-x86_64 1.5 16.00 154.00 170.00 OK

Check Details

Version: 1.5
Check: package dependencies
Result: ERROR Package required but not available: ‘rtracklayer’ See section ‘The DESCRIPTION file’ in the ‘Writing R Extensions’ manual. Flavor: r-patched-linux-x86_64

Version: 1.5
Check: installed package size
Result: NOTE installed size is 5.2Mb sub-directories of 1Mb or more: data 2.6Mb doc 2.0Mb Flavor: r-oldrel-macos-x86_64