CRAN Package Check Results for Package GB2group

Last updated on 2025-05-04 03:50:53 CEST.

Flavor Version Tinstall Tcheck Ttotal Status Flags
r-devel-linux-x86_64-debian-clang 0.3.0 9.27 74.84 84.11 NOTE
r-devel-linux-x86_64-debian-gcc 0.3.0 7.24 53.66 60.90 NOTE
r-devel-linux-x86_64-fedora-clang 0.3.0 131.89 OK
r-devel-linux-x86_64-fedora-gcc 0.3.0 128.96 OK
r-devel-windows-x86_64 0.3.0 10.00 89.00 99.00 OK
r-patched-linux-x86_64 0.3.0 9.42 71.22 80.64 OK
r-release-linux-x86_64 OK
r-release-macos-arm64 0.3.0 40.00 OK
r-release-macos-x86_64 0.3.0 92.00 OK
r-release-windows-x86_64 0.3.0 12.00 82.00 94.00 OK
r-oldrel-macos-arm64 0.3.0 35.00 NOTE
r-oldrel-macos-x86_64 0.3.0 56.00 NOTE
r-oldrel-windows-x86_64 0.3.0 14.00 100.00 114.00 NOTE

Check Details

Version: 0.3.0
Check: CRAN incoming feasibility
Result: NOTE Maintainer: ‘Vanesa Jorda <jordav@unican.es>’ No Authors@R field in DESCRIPTION. Please add one, modifying Authors@R: c(person(given = "Vanesa", family = "Jorda", role = c("aut", "cre"), email = "jordav@unican.es"), person(given = c("Jose", "Maria"), family = "Sarabia", role = "aut", email = "jose.sarabia@unican.es"), person(given = "Markus", family = "Jäntti.", role = "aut", email = "markus.jantti@sofi.su.se")) as necessary. The Description field contains <arXiv:1808.09831> for a detailed description of the estimation Please refer to arXiv e-prints via their arXiv DOI <doi:10.48550/arXiv.YYMM.NNNNN>. Flavors: r-devel-linux-x86_64-debian-clang, r-devel-linux-x86_64-debian-gcc

Version: 0.3.0
Check: LazyData
Result: NOTE 'LazyData' is specified without a 'data' directory Flavors: r-oldrel-macos-arm64, r-oldrel-macos-x86_64, r-oldrel-windows-x86_64