Last updated on 2025-10-31 02:50:31 CET.
| Flavor | Version | Tinstall | Tcheck | Ttotal | Status | Flags | 
|---|---|---|---|---|---|---|
| r-devel-linux-x86_64-debian-clang | 0.3.0 | 9.60 | 75.89 | 85.49 | NOTE | |
| r-devel-linux-x86_64-debian-gcc | 0.3.0 | 7.32 | 54.86 | 62.18 | NOTE | |
| r-devel-linux-x86_64-fedora-clang | 0.3.0 | 25.00 | 108.04 | 133.04 | OK | |
| r-devel-linux-x86_64-fedora-gcc | 0.3.0 | 20.00 | 100.76 | 120.76 | OK | |
| r-devel-windows-x86_64 | 0.3.0 | 10.00 | 88.00 | 98.00 | OK | |
| r-patched-linux-x86_64 | 0.3.0 | 9.90 | 72.47 | 82.37 | OK | |
| r-release-linux-x86_64 | 0.3.0 | 9.66 | 73.61 | 83.27 | OK | |
| r-release-macos-arm64 | 0.3.0 | 5.00 | 35.00 | 40.00 | OK | |
| r-release-macos-x86_64 | 0.3.0 | 15.00 | 77.00 | 92.00 | OK | |
| r-release-windows-x86_64 | 0.3.0 | 11.00 | 85.00 | 96.00 | OK | |
| r-oldrel-macos-arm64 | 0.3.0 | 4.00 | 31.00 | 35.00 | NOTE | |
| r-oldrel-macos-x86_64 | 0.3.0 | 7.00 | 49.00 | 56.00 | NOTE | |
| r-oldrel-windows-x86_64 | 0.3.0 | 15.00 | 100.00 | 115.00 | NOTE | 
Version: 0.3.0
Check: CRAN incoming feasibility
Result: NOTE
  Maintainer: ‘Vanesa Jorda <jordav@unican.es>’
  
  No Authors@R field in DESCRIPTION.
  Please add one, modifying
    Authors@R: c(person(given = "Vanesa",
                        family = "Jorda",
                        role = c("aut", "cre"),
                        email = "jordav@unican.es"),
                 person(given = c("Jose", "Maria"),
                        family = "Sarabia",
                        role = "aut",
                        email = "jose.sarabia@unican.es"),
                 person(given = "Markus",
                        family = "Jäntti.",
                        role = "aut",
                        email = "markus.jantti@sofi.su.se"))
  as necessary.
  
  The Description field contains
    <arXiv:1808.09831> for a detailed description of the estimation
  Please refer to arXiv e-prints via their arXiv DOI <doi:10.48550/arXiv.YYMM.NNNNN>.
Flavors: r-devel-linux-x86_64-debian-clang, r-devel-linux-x86_64-debian-gcc
Version: 0.3.0
Check: LazyData
Result: NOTE
    'LazyData' is specified without a 'data' directory
Flavors: r-oldrel-macos-arm64, r-oldrel-macos-x86_64, r-oldrel-windows-x86_64