Last updated on 2025-07-26 03:49:51 CEST.
Flavor | Version | Tinstall | Tcheck | Ttotal | Status | Flags |
---|---|---|---|---|---|---|
r-devel-linux-x86_64-debian-clang | 0.1 | 32.19 | 21.83 | 54.02 | OK | |
r-devel-linux-x86_64-debian-gcc | 0.1 | 22.45 | 18.99 | 41.44 | OK | |
r-devel-linux-x86_64-fedora-clang | 0.1 | 100.70 | OK | |||
r-devel-linux-x86_64-fedora-gcc | 0.1 | 90.83 | OK | |||
r-devel-windows-x86_64 | 0.1 | 38.00 | 64.00 | 102.00 | OK | |
r-patched-linux-x86_64 | 0.1 | 33.33 | 21.96 | 55.29 | OK | |
r-release-linux-x86_64 | 0.1 | 33.17 | 21.82 | 54.99 | OK | |
r-release-macos-arm64 | 0.1 | 28.00 | OK | |||
r-release-macos-x86_64 | 0.1 | 36.00 | OK | |||
r-release-windows-x86_64 | 0.1 | 38.00 | 76.00 | 114.00 | OK | |
r-oldrel-macos-arm64 | 0.1 | 29.00 | NOTE | |||
r-oldrel-macos-x86_64 | 0.1 | 33.00 | NOTE | |||
r-oldrel-windows-x86_64 | 0.1 | 44.00 | 70.00 | 114.00 | OK |
Version: 0.1
Check: installed package size
Result: NOTE
installed size is 7.4Mb
sub-directories of 1Mb or more:
libs 7.3Mb
Flavors: r-oldrel-macos-arm64, r-oldrel-macos-x86_64