Last updated on 2025-10-31 02:50:32 CET.
| Flavor | Version | Tinstall | Tcheck | Ttotal | Status | Flags | 
|---|---|---|---|---|---|---|
| r-devel-linux-x86_64-debian-clang | 0.1.0 | 15.19 | 208.77 | 223.96 | OK | |
| r-devel-linux-x86_64-debian-gcc | 0.1.0 | 9.72 | 149.88 | 159.60 | OK | |
| r-devel-linux-x86_64-fedora-clang | 0.1.0 | 34.00 | 939.90 | 973.90 | OK | |
| r-devel-linux-x86_64-fedora-gcc | 0.1.0 | 85.00 | 873.21 | 958.21 | OK | |
| r-devel-windows-x86_64 | 0.1.0 | 17.00 | 220.00 | 237.00 | OK | |
| r-patched-linux-x86_64 | 0.1.0 | 13.12 | 197.08 | 210.20 | OK | |
| r-release-linux-x86_64 | 0.1.0 | 13.05 | 195.06 | 208.11 | OK | |
| r-release-macos-arm64 | 0.1.0 | 6.00 | 93.00 | 99.00 | OK | |
| r-release-macos-x86_64 | 0.1.0 | 23.00 | 203.00 | 226.00 | OK | |
| r-release-windows-x86_64 | 0.1.0 | 19.00 | 238.00 | 257.00 | OK | |
| r-oldrel-macos-arm64 | 0.1.0 | 6.00 | 99.00 | 105.00 | NOTE | |
| r-oldrel-macos-x86_64 | 0.1.0 | 13.00 | 214.00 | 227.00 | NOTE | |
| r-oldrel-windows-x86_64 | 0.1.0 | 25.00 | 262.00 | 287.00 | NOTE | 
Version: 0.1.0
Check: package dependencies
Result: NOTE
  Package suggested but not available for checking: ‘INLA’
Flavors: r-oldrel-macos-arm64, r-oldrel-macos-x86_64
Version: 0.1.0
Check: installed package size
Result: NOTE
    installed size is  6.5Mb
    sub-directories of 1Mb or more:
      doc        2.0Mb
      examples   3.5Mb
Flavors: r-oldrel-macos-arm64, r-oldrel-macos-x86_64, r-oldrel-windows-x86_64