Last updated on 2025-05-07 03:51:01 CEST.
Flavor | Version | Tinstall | Tcheck | Ttotal | Status | Flags |
---|---|---|---|---|---|---|
r-devel-linux-x86_64-debian-clang | 0.1.3 | 1.69 | 26.62 | 28.31 | NOTE | |
r-devel-linux-x86_64-debian-gcc | 0.1.3 | 1.39 | 20.39 | 21.78 | NOTE | |
r-devel-linux-x86_64-fedora-clang | 0.1.3 | 42.93 | OK | |||
r-devel-linux-x86_64-fedora-gcc | 0.1.3 | 42.28 | OK | |||
r-devel-windows-x86_64 | 0.1.3 | 3.00 | 48.00 | 51.00 | OK | |
r-patched-linux-x86_64 | 0.1.3 | 1.52 | 24.52 | 26.04 | OK | |
r-release-linux-x86_64 | 0.1.3 | 1.47 | 24.37 | 25.84 | OK | |
r-release-macos-arm64 | 0.1.3 | 20.00 | OK | |||
r-release-macos-x86_64 | 0.1.3 | 32.00 | OK | |||
r-release-windows-x86_64 | 0.1.3 | 2.00 | 48.00 | 50.00 | OK | |
r-oldrel-macos-arm64 | 0.1.3 | 18.00 | OK | |||
r-oldrel-macos-x86_64 | 0.1.3 | 37.00 | OK | |||
r-oldrel-windows-x86_64 | 0.1.3 | 3.00 | 54.00 | 57.00 | OK |
Version: 0.1.3
Check: CRAN incoming feasibility
Result: NOTE
Maintainer: ‘Thomas J. Leeper <thosjleeper@gmail.com>’
Package CITATION file contains call(s) to old-style personList() or
as.personList(). Please use c() on person objects instead.
Package CITATION file contains call(s) to old-style citEntry(). Please
use bibentry() instead.
Flavors: r-devel-linux-x86_64-debian-clang, r-devel-linux-x86_64-debian-gcc