Last updated on 2025-10-31 02:50:32 CET.
| Flavor | Version | Tinstall | Tcheck | Ttotal | Status | Flags | 
|---|---|---|---|---|---|---|
| r-devel-linux-x86_64-debian-clang | 1.4 | 2.25 | 57.35 | 59.60 | NOTE | |
| r-devel-linux-x86_64-debian-gcc | 1.4 | 1.67 | 44.57 | 46.24 | NOTE | |
| r-devel-linux-x86_64-fedora-clang | 1.4 | 86.15 | NOTE | |||
| r-devel-linux-x86_64-fedora-gcc | 1.4 | 83.23 | NOTE | |||
| r-devel-windows-x86_64 | 1.4 | 4.00 | 96.00 | 100.00 | NOTE | |
| r-patched-linux-x86_64 | 1.4 | 4.40 | 54.00 | 58.40 | NOTE | |
| r-release-linux-x86_64 | 1.4 | 1.95 | 54.51 | 56.46 | NOTE | |
| r-release-macos-arm64 | 1.4 | 1.00 | 34.00 | 35.00 | NOTE | |
| r-release-macos-x86_64 | 1.4 | 2.00 | 52.00 | 54.00 | NOTE | |
| r-release-windows-x86_64 | 1.4 | 5.00 | 99.00 | 104.00 | NOTE | |
| r-oldrel-macos-arm64 | 1.4 | 1.00 | 32.00 | 33.00 | NOTE | |
| r-oldrel-macos-x86_64 | 1.4 | 2.00 | 45.00 | 47.00 | NOTE | |
| r-oldrel-windows-x86_64 | 1.4 | 5.00 | 92.00 | 97.00 | NOTE | 
Version: 1.4
Check: CRAN incoming feasibility
Result: NOTE
  Maintainer: ‘Peter K. Dunn <pdunn2@usc.edu.au>’
  
  No Authors@R field in DESCRIPTION.
  Please add one, modifying
    Authors@R: c(person(given = c("Peter", "K."),
                        family = "Dunn",
                        role = c("cre", "aut"),
                        email = "pdunn2@usc.edu.au"),
                 person(given = c("Gordon", "K."),
                        family = "Smyth",
                        role = "aut"))
  as necessary.
Flavors: r-devel-linux-x86_64-debian-clang, r-devel-linux-x86_64-debian-gcc
Version: 1.4
Check: Rd files
Result: NOTE
  checkRd: (-1) ccancer.Rd:16: Lost braces
      16 |                          a factor with levels either \\code{F} (female) or code{M} (male)}
         |                                                            ^
  checkRd: (-1) ccancer.Rd:16: Lost braces
      16 |                          a factor with levels either \\code{F} (female) or code{M} (male)}
         |                                                                                ^
  checkRd: (-1) galapagos.Rd:4: Lost braces
       4 | \title{{Gal\'{a}pagos} Island species data}
         |              ^
  checkRd: (-1) galapagos.Rd:6: Lost braces
       6 |   The number of species on the {Gal\'{a}pagos} Islands
         |                                ^
  checkRd: (-1) galapagos.Rd:6: Lost braces
       6 |   The number of species on the {Gal\'{a}pagos} Islands
         |                                      ^
  checkRd: (-1) galapagos.Rd:40: Lost braces
      40 |    {Gal\'{a}pagos} (the endemics). 
         |    ^
  checkRd: (-1) galapagos.Rd:40: Lost braces
      40 |    {Gal\'{a}pagos} (the endemics). 
         |          ^
  checkRd: (-1) galapagos.Rd:44: Lost braces
      44 |   Species number and endemism: The {Gal\'{a}pagos} Archipelago revisited.
         |                                          ^
Flavors: r-devel-linux-x86_64-debian-clang, r-devel-linux-x86_64-debian-gcc, r-devel-linux-x86_64-fedora-clang, r-devel-linux-x86_64-fedora-gcc, r-devel-windows-x86_64, r-patched-linux-x86_64, r-release-linux-x86_64, r-release-macos-arm64, r-release-macos-x86_64, r-release-windows-x86_64, r-oldrel-macos-arm64, r-oldrel-macos-x86_64, r-oldrel-windows-x86_64