Last updated on 2025-05-07 03:51:01 CEST.
Flavor | Version | Tinstall | Tcheck | Ttotal | Status | Flags |
---|---|---|---|---|---|---|
r-devel-linux-x86_64-debian-clang | 0.1.0 | 4.23 | 52.31 | 56.54 | NOTE | |
r-devel-linux-x86_64-debian-gcc | 0.1.0 | 3.10 | 36.49 | 39.59 | NOTE | |
r-devel-linux-x86_64-fedora-clang | 0.1.0 | 89.48 | OK | |||
r-devel-linux-x86_64-fedora-gcc | 0.1.0 | 84.96 | OK | |||
r-devel-windows-x86_64 | 0.1.0 | 5.00 | 66.00 | 71.00 | OK | |
r-patched-linux-x86_64 | 0.1.0 | 4.22 | 49.54 | 53.76 | OK | |
r-release-linux-x86_64 | 0.1.0 | 3.56 | 50.36 | 53.92 | OK | |
r-release-macos-arm64 | 0.1.0 | 36.00 | OK | |||
r-release-macos-x86_64 | 0.1.0 | 55.00 | OK | |||
r-release-windows-x86_64 | 0.1.0 | 5.00 | 66.00 | 71.00 | OK | |
r-oldrel-macos-arm64 | 0.1.0 | 28.00 | NOTE | |||
r-oldrel-macos-x86_64 | 0.1.0 | 42.00 | NOTE | |||
r-oldrel-windows-x86_64 | 0.1.0 | 7.00 | 80.00 | 87.00 | NOTE |
Version: 0.1.0
Check: CRAN incoming feasibility
Result: NOTE
Maintainer: ‘Yaofang Hu <yaofang.hu@u.nus.edu>’
The Description field contains
<arXiv:2006.03284>.
Please refer to arXiv e-prints via their arXiv DOI <doi:10.48550/arXiv.YYMM.NNNNN>.
Flavors: r-devel-linux-x86_64-debian-clang, r-devel-linux-x86_64-debian-gcc
Version: 0.1.0
Check: LazyData
Result: NOTE
'LazyData' is specified without a 'data' directory
Flavors: r-oldrel-macos-arm64, r-oldrel-macos-x86_64, r-oldrel-windows-x86_64