Last updated on 2025-05-07 03:51:02 CEST.
Flavor | Version | Tinstall | Tcheck | Ttotal | Status | Flags |
---|---|---|---|---|---|---|
r-devel-linux-x86_64-debian-clang | 1.3.1 | 3.54 | 35.64 | 39.18 | NOTE | |
r-devel-linux-x86_64-debian-gcc | 1.3.1 | 2.33 | 26.97 | 29.30 | NOTE | |
r-devel-linux-x86_64-fedora-clang | 1.3.1 | 59.82 | OK | |||
r-devel-linux-x86_64-fedora-gcc | 1.3.1 | 72.48 | OK | |||
r-devel-windows-x86_64 | 1.3.1 | 5.00 | 58.00 | 63.00 | OK | |
r-patched-linux-x86_64 | 1.3.1 | 3.83 | 32.77 | 36.60 | OK | |
r-release-linux-x86_64 | 1.3.1 | 3.32 | 32.99 | 36.31 | OK | |
r-release-macos-arm64 | 1.3.1 | 26.00 | OK | |||
r-release-macos-x86_64 | 1.3.1 | 48.00 | OK | |||
r-release-windows-x86_64 | 1.3.1 | 5.00 | 58.00 | 63.00 | OK | |
r-oldrel-macos-arm64 | 1.3.1 | 23.00 | OK | |||
r-oldrel-macos-x86_64 | 1.3.1 | 47.00 | OK | |||
r-oldrel-windows-x86_64 | 1.3.1 | 4.00 | 69.00 | 73.00 | OK |
Version: 1.3.1
Check: CRAN incoming feasibility
Result: NOTE
Maintainer: ‘Nelson Nazzicari <nelson.nazzicari@gmail.com>’
No Authors@R field in DESCRIPTION.
Please add one, modifying
Authors@R: c(person(given = c("Nelson", "Nazzicari", "&", "Filippo"),
family = "Biscarini",
role = "aut"),
person(given = "Nelson",
family = "Nazzicari",
role = "cre",
email = "nelson.nazzicari@gmail.com"))
as necessary.
Flavors: r-devel-linux-x86_64-debian-clang, r-devel-linux-x86_64-debian-gcc