Last updated on 2025-05-06 03:51:04 CEST.
Flavor | Version | Tinstall | Tcheck | Ttotal | Status | Flags |
---|---|---|---|---|---|---|
r-devel-linux-x86_64-debian-clang | 1.03.3 | 2.75 | 26.22 | 28.97 | NOTE | |
r-devel-linux-x86_64-debian-gcc | 1.03.3 | 2.12 | 19.62 | 21.74 | NOTE | |
r-devel-linux-x86_64-fedora-clang | 1.03.3 | 48.81 | OK | |||
r-devel-linux-x86_64-fedora-gcc | 1.03.3 | 43.15 | OK | |||
r-devel-windows-x86_64 | 1.03.3 | 4.00 | 45.00 | 49.00 | OK | |
r-patched-linux-x86_64 | 1.03.3 | 3.18 | 24.36 | 27.54 | OK | |
r-release-linux-x86_64 | 1.03.3 | 2.87 | 24.40 | 27.27 | OK | |
r-release-macos-arm64 | 1.03.3 | 16.00 | OK | |||
r-release-macos-x86_64 | 1.03.3 | 31.00 | OK | |||
r-release-windows-x86_64 | 1.03.3 | 4.00 | 45.00 | 49.00 | OK | |
r-oldrel-macos-arm64 | 1.03.3 | 18.00 | OK | |||
r-oldrel-macos-x86_64 | 1.03.3 | 24.00 | OK | |||
r-oldrel-windows-x86_64 | 1.03.3 | 3.00 | 46.00 | 49.00 | OK |
Version: 1.03.3
Check: CRAN incoming feasibility
Result: NOTE
Maintainer: ‘Rob Tibshirani <tibs@stat.stanford.edu>’
No Authors@R field in DESCRIPTION.
Please add one, modifying
Authors@R: c(person(given = "Brad",
family = "Efron",
role = "aut"),
person(given = "R.",
family = "Tibshirani",
role = "aut"),
person(given = "Rob",
family = "Tibshirani",
role = "cre",
email = "tibs@stat.stanford.edu"))
as necessary.
Flavors: r-devel-linux-x86_64-debian-clang, r-devel-linux-x86_64-debian-gcc