Last updated on 2025-05-07 03:51:02 CEST.
Flavor | Version | Tinstall | Tcheck | Ttotal | Status | Flags |
---|---|---|---|---|---|---|
r-devel-linux-x86_64-debian-clang | 1.8 | 27.17 | 138.97 | 166.14 | NOTE | |
r-devel-linux-x86_64-debian-gcc | 1.8 | 19.73 | 95.44 | 115.17 | NOTE | |
r-devel-linux-x86_64-fedora-clang | 1.8 | 284.68 | OK | |||
r-devel-linux-x86_64-fedora-gcc | 1.8 | 324.52 | OK | |||
r-devel-windows-x86_64 | 1.8 | 33.00 | 152.00 | 185.00 | NOTE | |
r-patched-linux-x86_64 | 1.8 | 29.80 | 128.91 | 158.71 | NOTE | |
r-release-linux-x86_64 | 1.8 | 27.77 | 128.99 | 156.76 | NOTE | |
r-release-macos-arm64 | 1.8 | 76.00 | OK | |||
r-release-macos-x86_64 | 1.8 | 248.00 | OK | |||
r-release-windows-x86_64 | 1.8 | 34.00 | 157.00 | 191.00 | NOTE | |
r-oldrel-macos-arm64 | 1.8 | 80.00 | OK | |||
r-oldrel-macos-x86_64 | 1.8 | 115.00 | OK | |||
r-oldrel-windows-x86_64 | 1.8 | 41.00 | 203.00 | 244.00 | OK |
Version: 1.8
Check: CRAN incoming feasibility
Result: NOTE
Maintainer: ‘Jun Chen <chen.jun2@mayo.edu>’
No Authors@R field in DESCRIPTION.
Please add one, modifying
Authors@R: c(person(given = "Jun",
family = "Chen",
role = c("aut", "cre"),
email = "chen.jun2@mayo.edu"),
person(given = "Xianyang",
family = "Zhang",
role = "aut"),
person(given = "Lu",
family = "Yang",
role = "aut"),
person(given = "Lujun",
family = "Zhang",
role = "aut"))
as necessary.
Flavors: r-devel-linux-x86_64-debian-clang, r-devel-linux-x86_64-debian-gcc
Version: 1.8
Check: Rd cross-references
Result: NOTE
Found the following Rd file(s) with Rd \link{} targets missing package
anchors:
adonis3.Rd: vegdist, permustats
dmanova.Rd: vegdist, nearPD
Please provide package anchors for all Rd \link{} targets not in the
package itself and the base packages.
Flavors: r-devel-linux-x86_64-debian-clang, r-devel-linux-x86_64-debian-gcc, r-devel-windows-x86_64, r-patched-linux-x86_64, r-release-linux-x86_64, r-release-windows-x86_64