CRAN Package Check Results for Package GWLelast

Last updated on 2025-05-04 03:50:55 CEST.

Flavor Version Tinstall Tcheck Ttotal Status Flags
r-devel-linux-x86_64-debian-clang 1.2.2 5.98 58.64 64.62 NOTE
r-devel-linux-x86_64-debian-gcc 1.2.2 5.44 44.13 49.57 NOTE
r-devel-linux-x86_64-fedora-clang 1.2.2 104.07 NOTE
r-devel-linux-x86_64-fedora-gcc 1.2.2 100.83 NOTE
r-devel-windows-x86_64 1.2.2 8.00 70.00 78.00 OK
r-patched-linux-x86_64 1.2.2 6.91 56.60 63.51 OK
r-release-linux-x86_64 OK
r-release-macos-arm64 1.2.2 33.00 OK
r-release-macos-x86_64 1.2.2 61.00 OK
r-release-windows-x86_64 1.2.2 9.00 70.00 79.00 OK
r-oldrel-macos-arm64 1.2.2 32.00 NOTE
r-oldrel-macos-x86_64 1.2.2 47.00 NOTE
r-oldrel-windows-x86_64 1.2.2 10.00 87.00 97.00 NOTE

Check Details

Version: 1.2.2
Check: CRAN incoming feasibility
Result: NOTE Maintainer: ‘Daisuke Yoneoka <blue.sky.sea.dy@gmail.com>’ No Authors@R field in DESCRIPTION. Please add one, modifying Authors@R: c(person(given = "Daisuke", family = "Yoneoka", role = c("aut", "cre"), email = "blue.sky.sea.dy@gmail.com"), person(given = "Eiko", family = "Saito", role = "aut")) as necessary. Flavors: r-devel-linux-x86_64-debian-clang, r-devel-linux-x86_64-debian-gcc

Version: 1.2.2
Check: dependencies in R code
Result: NOTE Namespaces in Imports field not imported from: ‘doParallel’ ‘foreach’ ‘spgwr’ All declared Imports should be used. Flavors: r-devel-linux-x86_64-fedora-clang, r-devel-linux-x86_64-fedora-gcc

Version: 1.2.2
Check: LazyData
Result: NOTE 'LazyData' is specified without a 'data' directory Flavors: r-oldrel-macos-arm64, r-oldrel-macos-x86_64, r-oldrel-windows-x86_64