Last updated on 2025-07-03 03:49:42 CEST.
Flavor | Version | Tinstall | Tcheck | Ttotal | Status | Flags |
---|---|---|---|---|---|---|
r-devel-linux-x86_64-debian-clang | 0.2.1 | 4.62 | 38.10 | 42.72 | OK | |
r-devel-linux-x86_64-debian-gcc | 0.2.1 | 3.43 | 29.34 | 32.77 | OK | |
r-devel-linux-x86_64-fedora-clang | 0.2.1 | 59.69 | OK | |||
r-devel-linux-x86_64-fedora-gcc | 0.2.1 | 60.39 | OK | |||
r-devel-windows-x86_64 | 0.2.1 | 8.00 | 59.00 | 67.00 | OK | |
r-patched-linux-x86_64 | 0.2.1 | 4.08 | 34.20 | 38.28 | OK | |
r-release-linux-x86_64 | 0.2.1 | 4.33 | 34.95 | 39.28 | OK | |
r-release-macos-arm64 | 0.2.1 | 26.00 | OK | |||
r-release-macos-x86_64 | 0.2.1 | 43.00 | OK | |||
r-release-windows-x86_64 | 0.2.1 | 8.00 | 57.00 | 65.00 | OK | |
r-oldrel-macos-arm64 | 0.2.1 | 34.00 | NOTE | |||
r-oldrel-macos-x86_64 | 0.2.1 | 61.00 | NOTE | |||
r-oldrel-windows-x86_64 | 0.2.1 | 9.00 | 68.00 | 77.00 | NOTE |
Version: 0.2.1
Check: installed package size
Result: NOTE
installed size is 8.3Mb
sub-directories of 1Mb or more:
htmlwidgets 8.2Mb
Flavors: r-oldrel-macos-arm64, r-oldrel-macos-x86_64, r-oldrel-windows-x86_64