Last updated on 2025-05-04 03:50:53 CEST.
Flavor | Version | Tinstall | Tcheck | Ttotal | Status | Flags |
---|---|---|---|---|---|---|
r-devel-linux-x86_64-debian-clang | 1.0 | 2.17 | 22.56 | 24.73 | NOTE | |
r-devel-linux-x86_64-debian-gcc | 1.0 | 1.51 | 18.84 | 20.35 | NOTE | |
r-devel-linux-x86_64-fedora-clang | 1.0 | 41.06 | OK | |||
r-devel-linux-x86_64-fedora-gcc | 1.0 | 37.12 | OK | |||
r-devel-windows-x86_64 | 1.0 | 3.00 | 63.00 | 66.00 | OK | |
r-patched-linux-x86_64 | 1.0 | 2.08 | 22.08 | 24.16 | OK | |
r-release-linux-x86_64 | OK | |||||
r-release-macos-arm64 | 1.0 | 20.00 | OK | |||
r-release-macos-x86_64 | 1.0 | 27.00 | OK | |||
r-release-windows-x86_64 | 1.0 | 4.00 | 49.00 | 53.00 | OK | |
r-oldrel-macos-arm64 | 1.0 | 16.00 | OK | |||
r-oldrel-macos-x86_64 | 1.0 | 23.00 | OK | |||
r-oldrel-windows-x86_64 | 1.0 | 4.00 | 52.00 | 56.00 | OK |
Version: 1.0
Check: CRAN incoming feasibility
Result: NOTE
Maintainer: ‘Alejandro Saavedra-Nieves <alejandro.saavedra.nieves@gmail.com>’
No Authors@R field in DESCRIPTION.
Please add one, modifying
Authors@R: person(given = "Alejandro",
family = "Saavedra-Nieves",
role = c("aut", "cre"),
email = "alejandro.saavedra.nieves@gmail.com")
as necessary.
File 'R/GameTheoryAllocation-internal.R' sets .Random.seed.
This is usually neither needed nor wanted.
Flavors: r-devel-linux-x86_64-debian-clang, r-devel-linux-x86_64-debian-gcc