CRAN Package Check Results for Package GreedyExperimentalDesignJARs

Last updated on 2025-05-04 03:50:55 CEST.

Flavor Version Tinstall Tcheck Ttotal Status Flags
r-devel-linux-x86_64-debian-clang 1.0 2.73 22.38 25.11 NOTE
r-devel-linux-x86_64-debian-gcc 1.0 2.14 17.47 19.61 NOTE
r-devel-linux-x86_64-fedora-clang 1.0 41.52 OK
r-devel-linux-x86_64-fedora-gcc 1.0 38.64 OK
r-devel-windows-x86_64 1.0 3.00 33.00 36.00 OK
r-patched-linux-x86_64 1.0 2.76 21.45 24.21 OK
r-release-linux-x86_64 OK
r-release-macos-arm64 1.0 15.00 OK
r-release-macos-x86_64 1.0 26.00 OK
r-release-windows-x86_64 1.0 3.00 33.00 36.00 OK
r-oldrel-macos-arm64 1.0 16.00 OK
r-oldrel-macos-x86_64 1.0 23.00 OK
r-oldrel-windows-x86_64 1.0 4.00 33.00 37.00 OK

Check Details

Version: 1.0
Check: CRAN incoming feasibility
Result: NOTE Maintainer: ‘Adam Kapelner <kapelner@qc.cuny.edu>’ No Authors@R field in DESCRIPTION. Please add one, modifying Authors@R: c(person(given = "Adam", family = "Kapelner", role = c("aut", "cre"), email = "kapelner@qc.cuny.edu"), person(given = "David", family = "Azriel", role = "aut"), person(given = c("Abba", "Krieger", "see", "COPYRIGHTS", "file", "for", "the", "authors", "of", "the", "java"), family = "libraries", role = "aut")) as necessary. Flavors: r-devel-linux-x86_64-debian-clang, r-devel-linux-x86_64-debian-gcc