CRAN Package Check Results for Package HCR

Last updated on 2025-05-07 03:51:02 CEST.

Flavor Version Tinstall Tcheck Ttotal Status Flags
r-devel-linux-x86_64-debian-clang 0.1.1 2.38 27.61 29.99 NOTE
r-devel-linux-x86_64-debian-gcc 0.1.1 1.68 20.86 22.54 NOTE
r-devel-linux-x86_64-fedora-clang 0.1.1 47.51 OK
r-devel-linux-x86_64-fedora-gcc 0.1.1 44.45 OK
r-devel-windows-x86_64 0.1.1 3.00 47.00 50.00 OK
r-patched-linux-x86_64 0.1.1 2.34 26.89 29.23 OK
r-release-linux-x86_64 0.1.1 2.08 26.14 28.22 OK
r-release-macos-arm64 0.1.1 19.00 OK
r-release-macos-x86_64 0.1.1 32.00 OK
r-release-windows-x86_64 0.1.1 4.00 46.00 50.00 OK
r-oldrel-macos-arm64 0.1.1 17.00 NOTE
r-oldrel-macos-x86_64 0.1.1 30.00 NOTE
r-oldrel-windows-x86_64 0.1.1 4.00 53.00 57.00 NOTE

Check Details

Version: 0.1.1
Check: CRAN incoming feasibility
Result: NOTE Maintainer: ‘Jie Qiao <qiaojie.chn@gmail.com>’ Package CITATION file contains call(s) to old-style personList() or as.personList(). Please use c() on person objects instead. Package CITATION file contains call(s) to old-style citEntry(). Please use bibentry() instead. Flavors: r-devel-linux-x86_64-debian-clang, r-devel-linux-x86_64-debian-gcc

Version: 0.1.1
Check: LazyData
Result: NOTE 'LazyData' is specified without a 'data' directory Flavors: r-oldrel-macos-arm64, r-oldrel-macos-x86_64, r-oldrel-windows-x86_64